{"id":842,"date":"2024-04-09T21:26:53","date_gmt":"2024-04-09T21:26:53","guid":{"rendered":"https:\/\/www.huettenpartner.eu\/?page_id=842"},"modified":"2024-04-24T12:22:02","modified_gmt":"2024-04-24T10:22:02","slug":"sommerurlaub","status":"publish","type":"page","link":"https:\/\/www.bold-black.109-235-60-67.plesk.page\/nl\/huettenurlaub\/sommerurlaub\/","title":{"rendered":"Zomervakantie"},"content":{"rendered":"<div data-elementor-type=\"wp-page\" data-elementor-id=\"842\" class=\"elementor elementor-842\">\n\t\t\t\t<div class=\"elementor-element elementor-element-15dbbeb e-flex e-con-boxed e-con e-parent\" data-id=\"15dbbeb\" data-element_type=\"container\">\n\t\t\t\t\t<div class=\"e-con-inner\">\n\t\t\t\t<div class=\"elementor-element elementor-element-0a0c184 elementor-widget elementor-widget-heading\" data-id=\"0a0c184\" data-element_type=\"widget\" data-widget_type=\"heading.default\">\n\t\t\t\t<div class=\"elementor-widget-container\">\n\t\t\t\t\t<h2 class=\"elementor-heading-title elementor-size-default\">Sommerurlaub auf einer H\u00fctte in \u00d6sterreich<\/h2>\t\t\t\t<\/div>\n\t\t\t\t<\/div>\n\t\t\t\t<div class=\"elementor-element elementor-element-6758474 elementor-widget elementor-widget-heading\" data-id=\"6758474\" data-element_type=\"widget\" data-widget_type=\"heading.default\">\n\t\t\t\t<div class=\"elementor-widget-container\">\n\t\t\t\t\t<h2 class=\"elementor-heading-title elementor-size-default\">H\u00fcttenurlaub in den sommerlichen Bergen<\/h2>\t\t\t\t<\/div>\n\t\t\t\t<\/div>\n\t\t\t\t\t<\/div>\n\t\t\t\t<\/div>\n\t\t<div class=\"elementor-element elementor-element-d6e3139 e-flex e-con-boxed e-con e-parent\" data-id=\"d6e3139\" data-element_type=\"container\">\n\t\t\t\t\t<div class=\"e-con-inner\">\n\t\t<div class=\"elementor-element elementor-element-d0d8fc2 e-con-full e-flex e-con e-child\" data-id=\"d0d8fc2\" data-element_type=\"container\">\n\t\t\t\t<div class=\"elementor-element elementor-element-4334e6a elementor-widget elementor-widget-text-editor\" data-id=\"4334e6a\" data-element_type=\"widget\" data-widget_type=\"text-editor.default\">\n\t\t\t\t<div class=\"elementor-widget-container\">\n\t\t\t\t\t\t\t\t\t<p>Genie\u00dfen Sie die einzigartige Bergwelt der \u00f6sterreichischen Alpen, die malerische Landschaft und die alpine Natur. Bei einem Sommerurlaub auf einer urigen Almh\u00fctte wird Ihnen einiges geboten. Gehen Sie von Ihrer H\u00fcttent\u00fcre Wandern und Bergsteigen, springen Sie in einen k\u00fchlen Bergsee oder in den Schwimmteich, den es bei manchen H\u00fctten gibt. Abends genie\u00dfen Sie den Sonnenuntergang auf der Bank vor der Bergh\u00fctte oder Sie nutzen den Grillplatz f\u00fcr ein Lagerfeuer. H\u00fcttenurlaub im Sommer ist ein herrliches <a title=\"Familienurlaub in den \u00f6sterreichischen Bergen\" href=\"https:\/\/www.huettenpartner.com\/huettenurlaub\/familienurlaub-kinder-ferien.html\">Erlebnis f\u00fcr die ganze Familie<\/a>, Eltern und Kinder kommen auf ihre Kosten. Aber auch f\u00fcr einen Urlaub mit Freunden oder\u00a0<a title=\"romantischer Urlaub f\u00fcr Verliebte\" href=\"https:\/\/www.huettenpartner.com\/huettenurlaub\/romantikurlaub-zu-zweit.html\">mit Ihren Partner<\/a>bietet es sich an, eine H\u00fctte zu mieten. F\u00fcr <a title=\"Urlaub mit Hund, Katze und Co\" href=\"https:\/\/www.huettenpartner.com\/huettenurlaub\/urlaub-hund-haustier.html\">Haustierbesitzer<\/a> und <a title=\"Vakantie voor mensen met allergie\u00ebn\" href=\"https:\/\/www.huettenpartner.com\/huettenurlaub\/allergiker-berge-pollenfrei.html\">Mensen met allergie\u00ebn<\/a>\u00a0ist ein Almurlaub ebenfalls eine wunderbare Alternative zur Hitze in der Stadt.<\/p>\t\t\t\t\t\t\t\t<\/div>\n\t\t\t\t<\/div>\n\t\t\t\t<\/div>\n\t\t<div class=\"elementor-element elementor-element-c9ddb8d e-con-full e-flex e-con e-child\" data-id=\"c9ddb8d\" data-element_type=\"container\">\n\t\t\t\t<div class=\"elementor-element elementor-element-fb25748 elementor-widget elementor-widget-image\" data-id=\"fb25748\" data-element_type=\"widget\" data-widget_type=\"image.default\">\n\t\t\t\t<div class=\"elementor-widget-container\">\n\t\t\t\t\t\t\t\t\t\t\t\t\t\t\t<img fetchpriority=\"high\" decoding=\"async\" width=\"768\" height=\"512\" src=\"https:\/\/www.bold-black.109-235-60-67.plesk.page\/wp-content\/uploads\/2024\/04\/familie-wandern-alm.jpg\" class=\"attachment-large size-large wp-image-5900\" alt=\"\" srcset=\"https:\/\/www.bold-black.109-235-60-67.plesk.page\/wp-content\/uploads\/2024\/04\/familie-wandern-alm.jpg 900w, https:\/\/www.bold-black.109-235-60-67.plesk.page\/wp-content\/uploads\/2024\/04\/familie-wandern-alm-300x200.jpg 300w, https:\/\/www.bold-black.109-235-60-67.plesk.page\/wp-content\/uploads\/2024\/04\/familie-wandern-alm-768x512.jpg 768w, https:\/\/www.bold-black.109-235-60-67.plesk.page\/wp-content\/uploads\/2024\/04\/familie-wandern-alm-18x12.jpg 18w, https:\/\/www.bold-black.109-235-60-67.plesk.page\/wp-content\/uploads\/2024\/04\/familie-wandern-alm-405x270.jpg 405w\" sizes=\"(max-width: 768px) 100vw, 768px\" \/>\t\t\t\t\t\t\t\t\t\t\t\t\t\t\t<\/div>\n\t\t\t\t<\/div>\n\t\t\t\t<\/div>\n\t\t\t\t\t<\/div>\n\t\t\t\t<\/div>\n\t\t<div class=\"elementor-element elementor-element-2d80a06 e-flex e-con-boxed e-con e-parent\" data-id=\"2d80a06\" data-element_type=\"container\">\n\t\t\t\t\t<div class=\"e-con-inner\">\n\t\t\t\t<div class=\"elementor-element elementor-element-7dcadad elementor-widget elementor-widget-heading\" data-id=\"7dcadad\" data-element_type=\"widget\" data-widget_type=\"heading.default\">\n\t\t\t\t<div class=\"elementor-widget-container\">\n\t\t\t\t\t<h2 class=\"elementor-heading-title elementor-size-default\">Wandern und Bergsteigen in \u00d6sterreich<\/h2>\t\t\t\t<\/div>\n\t\t\t\t<\/div>\n\t\t\t\t<div class=\"elementor-element elementor-element-d369f97 elementor-widget elementor-widget-text-editor\" data-id=\"d369f97\" data-element_type=\"widget\" data-widget_type=\"text-editor.default\">\n\t\t\t\t<div class=\"elementor-widget-container\">\n\t\t\t\t\t\t\t\t\t<p>Sobald der Schnee geschmolzen ist, beginnt die Wandersaison in den Alpen. Von einer ruhigen Bergh\u00fctte aus starten Sie im Sommer, jeden Tag ohne lange Anreise zu Wanderungen auf die Alm und auf die Gipfel der umliegenden Berge.<\/p>\t\t\t\t\t\t\t\t<\/div>\n\t\t\t\t<\/div>\n\t\t\t\t\t<\/div>\n\t\t\t\t<\/div>\n\t\t<div class=\"elementor-element elementor-element-ba9fde5 e-flex e-con-boxed e-con e-parent\" data-id=\"ba9fde5\" data-element_type=\"container\">\n\t\t\t\t\t<div class=\"e-con-inner\">\n\t\t\t\t\t<\/div>\n\t\t\t\t<\/div>\n\t\t\t\t<\/div>","protected":false},"excerpt":{"rendered":"<p>Sommerurlaub auf einer H\u00fctte in \u00d6sterreich H\u00fcttenurlaub in den sommerlichen Bergen Genie\u00dfen Sie die einzigartige Bergwelt der \u00f6sterreichischen Alpen, die malerische Landschaft und die alpine Natur. Bei einem Sommerurlaub auf einer urigen Almh\u00fctte wird Ihnen einiges geboten. Gehen Sie von Ihrer H\u00fcttent\u00fcre Wandern und Bergsteigen, springen Sie in einen k\u00fchlen Bergsee oder in den Schwimmteich, [&hellip;]<\/p>","protected":false},"author":2,"featured_media":0,"parent":827,"menu_order":0,"comment_status":"closed","ping_status":"closed","template":"","meta":{"inline_featured_image":false,"footnotes":""},"class_list":["post-842","page","type-page","status-publish","hentry"],"acf":[],"_links":{"self":[{"href":"https:\/\/www.bold-black.109-235-60-67.plesk.page\/nl\/wp-json\/wp\/v2\/pages\/842","targetHints":{"allow":["GET"]}}],"collection":[{"href":"https:\/\/www.bold-black.109-235-60-67.plesk.page\/nl\/wp-json\/wp\/v2\/pages"}],"about":[{"href":"https:\/\/www.bold-black.109-235-60-67.plesk.page\/nl\/wp-json\/wp\/v2\/types\/page"}],"author":[{"embeddable":true,"href":"https:\/\/www.bold-black.109-235-60-67.plesk.page\/nl\/wp-json\/wp\/v2\/users\/2"}],"replies":[{"embeddable":true,"href":"https:\/\/www.bold-black.109-235-60-67.plesk.page\/nl\/wp-json\/wp\/v2\/comments?post=842"}],"version-history":[{"count":4,"href":"https:\/\/www.bold-black.109-235-60-67.plesk.page\/nl\/wp-json\/wp\/v2\/pages\/842\/revisions"}],"predecessor-version":[{"id":5932,"href":"https:\/\/www.bold-black.109-235-60-67.plesk.page\/nl\/wp-json\/wp\/v2\/pages\/842\/revisions\/5932"}],"up":[{"embeddable":true,"href":"https:\/\/www.bold-black.109-235-60-67.plesk.page\/nl\/wp-json\/wp\/v2\/pages\/827"}],"wp:attachment":[{"href":"https:\/\/www.bold-black.109-235-60-67.plesk.page\/nl\/wp-json\/wp\/v2\/media?parent=842"}],"curies":[{"name":"wp","href":"https:\/\/api.w.org\/{rel}","templated":true}]}}

<div data-elementor-type="wp-page" data-elementor-id="842" class="elementor elementor-842">
				<div class="elementor-element elementor-element-15dbbeb e-flex e-con-boxed e-con e-parent" data-id="15dbbeb" data-element_type="container">
					<div class="e-con-inner">
				<div class="elementor-element elementor-element-0a0c184 elementor-widget elementor-widget-heading" data-id="0a0c184" data-element_type="widget" data-widget_type="heading.default">
				<div class="elementor-widget-container">
					<h2 class="elementor-heading-title elementor-size-default">Sommerurlaub auf einer Hütte in Österreich</h2>				</div>
				</div>
				<div class="elementor-element elementor-element-6758474 elementor-widget elementor-widget-heading" data-id="6758474" data-element_type="widget" data-widget_type="heading.default">
				<div class="elementor-widget-container">
					<h2 class="elementor-heading-title elementor-size-default">Hüttenurlaub in den sommerlichen Bergen</h2>				</div>
				</div>
					</div>
				</div>
		<div class="elementor-element elementor-element-d6e3139 e-flex e-con-boxed e-con e-parent" data-id="d6e3139" data-element_type="container">
					<div class="e-con-inner">
		<div class="elementor-element elementor-element-d0d8fc2 e-con-full e-flex e-con e-child" data-id="d0d8fc2" data-element_type="container">
				<div class="elementor-element elementor-element-4334e6a elementor-widget elementor-widget-text-editor" data-id="4334e6a" data-element_type="widget" data-widget_type="text-editor.default">
				<div class="elementor-widget-container">
									<p>Genießen Sie die einzigartige Bergwelt der österreichischen Alpen, die malerische Landschaft und die alpine Natur. Bei einem Sommerurlaub auf einer urigen Almhütte wird Ihnen einiges geboten. Gehen Sie von Ihrer Hüttentüre Wandern und Bergsteigen, springen Sie in einen kühlen Bergsee oder in den Schwimmteich, den es bei manchen Hütten gibt. Abends genießen Sie den Sonnenuntergang auf der Bank vor der Berghütte oder Sie nutzen den Grillplatz für ein Lagerfeuer. Hüttenurlaub im Sommer ist ein herrliches <a title="Familienurlaub in den österreichischen Bergen" href="https://www.huettenpartner.com/huettenurlaub/familienurlaub-kinder-ferien.html">Erlebnis für die ganze Familie</a>, Eltern und Kinder kommen auf ihre Kosten. Aber auch für einen Urlaub mit Freunden oder <a title="romantischer Urlaub für Verliebte" href="https://www.huettenpartner.com/huettenurlaub/romantikurlaub-zu-zweit.html">mit Ihren Partner</a>bietet es sich an, eine Hütte zu mieten. Für <a title="Urlaub mit Hund, Katze und Co" href="https://www.huettenpartner.com/huettenurlaub/urlaub-hund-haustier.html">Haustierbesitzer</a> und <a title="Vakantie voor mensen met allergieën" href="https://www.huettenpartner.com/huettenurlaub/allergiker-berge-pollenfrei.html">Mensen met allergieën</a> ist ein Almurlaub ebenfalls eine wunderbare Alternative zur Hitze in der Stadt.</p>								</div>
				</div>
				</div>
		<div class="elementor-element elementor-element-c9ddb8d e-con-full e-flex e-con e-child" data-id="c9ddb8d" data-element_type="container">
				<div class="elementor-element elementor-element-fb25748 elementor-widget elementor-widget-image" data-id="fb25748" data-element_type="widget" data-widget_type="image.default">
				<div class="elementor-widget-container">
															<img fetchpriority="high" decoding="async" width="768" height="512" src="https://www.bold-black.109-235-60-67.plesk.page/wp-content/uploads/2024/04/familie-wandern-alm.jpg" class="attachment-large size-large wp-image-5900" alt="" srcset="https://www.bold-black.109-235-60-67.plesk.page/wp-content/uploads/2024/04/familie-wandern-alm.jpg 900w, https://www.bold-black.109-235-60-67.plesk.page/wp-content/uploads/2024/04/familie-wandern-alm-300x200.jpg 300w, https://www.bold-black.109-235-60-67.plesk.page/wp-content/uploads/2024/04/familie-wandern-alm-768x512.jpg 768w, https://www.bold-black.109-235-60-67.plesk.page/wp-content/uploads/2024/04/familie-wandern-alm-18x12.jpg 18w, https://www.bold-black.109-235-60-67.plesk.page/wp-content/uploads/2024/04/familie-wandern-alm-405x270.jpg 405w" sizes="(max-width: 768px) 100vw, 768px" />															</div>
				</div>
				</div>
					</div>
				</div>
		<div class="elementor-element elementor-element-2d80a06 e-flex e-con-boxed e-con e-parent" data-id="2d80a06" data-element_type="container">
					<div class="e-con-inner">
				<div class="elementor-element elementor-element-7dcadad elementor-widget elementor-widget-heading" data-id="7dcadad" data-element_type="widget" data-widget_type="heading.default">
				<div class="elementor-widget-container">
					<h2 class="elementor-heading-title elementor-size-default">Wandern und Bergsteigen in Österreich</h2>				</div>
				</div>
				<div class="elementor-element elementor-element-d369f97 elementor-widget elementor-widget-text-editor" data-id="d369f97" data-element_type="widget" data-widget_type="text-editor.default">
				<div class="elementor-widget-container">
									<p>Sobald der Schnee geschmolzen ist, beginnt die Wandersaison in den Alpen. Von einer ruhigen Berghütte aus starten Sie im Sommer, jeden Tag ohne lange Anreise zu Wanderungen auf die Alm und auf die Gipfel der umliegenden Berge.</p>								</div>
				</div>
					</div>
				</div>
		<div class="elementor-element elementor-element-ba9fde5 e-flex e-con-boxed e-con e-parent" data-id="ba9fde5" data-element_type="container">
					<div class="e-con-inner">
					</div>
				</div>
				</div>

<p>Sommerurlaub auf einer Hütte in Österreich Hüttenurlaub in den sommerlichen Bergen Genießen Sie die einzigartige Bergwelt der österreichischen Alpen, die malerische Landschaft und die alpine Natur. Bei einem Sommerurlaub auf einer urigen Almhütte wird Ihnen einiges geboten. Gehen Sie von Ihrer Hüttentüre Wandern und Bergsteigen, springen Sie in einen kühlen Bergsee oder in den Schwimmteich, [&hellip;]</p>
