{"id":834,"date":"2024-04-09T21:23:18","date_gmt":"2024-04-09T21:23:18","guid":{"rendered":"https:\/\/www.huettenpartner.eu\/?page_id=834"},"modified":"2024-04-24T11:13:50","modified_gmt":"2024-04-24T09:13:50","slug":"urlaub-fuer-allergiker","status":"publish","type":"page","link":"https:\/\/www.bold-black.109-235-60-67.plesk.page\/hu\/huettenurlaub\/urlaub-fuer-allergiker\/","title":{"rendered":"Nyaral\u00e1s allergi\u00e1soknak"},"content":{"rendered":"<div data-elementor-type=\"wp-page\" data-elementor-id=\"834\" class=\"elementor elementor-834\">\n\t\t\t\t<div class=\"elementor-element elementor-element-3e6e89b e-flex e-con-boxed e-con e-parent\" data-id=\"3e6e89b\" data-element_type=\"container\">\n\t\t\t\t\t<div class=\"e-con-inner\">\n\t\t\t\t<div class=\"elementor-element elementor-element-fb19438 elementor-widget elementor-widget-heading\" data-id=\"fb19438\" data-element_type=\"widget\" data-widget_type=\"heading.default\">\n\t\t\t\t<div class=\"elementor-widget-container\">\n\t\t\t\t\t<h2 class=\"elementor-heading-title elementor-size-default\">Urlaub f\u00fcr Allergiker \u2013 Bergluft und H\u00f6henlage sind optimal<\/h2>\t\t\t\t<\/div>\n\t\t\t\t<\/div>\n\t\t\t\t<div class=\"elementor-element elementor-element-270de4c elementor-widget elementor-widget-heading\" data-id=\"270de4c\" data-element_type=\"widget\" data-widget_type=\"heading.default\">\n\t\t\t\t<div class=\"elementor-widget-container\">\n\t\t\t\t\t<h2 class=\"elementor-heading-title elementor-size-default\">Keine Pollen und keine Hausstaubmilben<\/h2>\t\t\t\t<\/div>\n\t\t\t\t<\/div>\n\t\t\t\t<div class=\"elementor-element elementor-element-2dfb657 elementor-widget elementor-widget-text-editor\" data-id=\"2dfb657\" data-element_type=\"widget\" data-widget_type=\"text-editor.default\">\n\t\t\t\t<div class=\"elementor-widget-container\">\n\t\t\t\t\t\t\t\t\t<p>Die frische, klare Luft, die H\u00f6henlage und die k\u00fchleren Temperaturen auf den Bergen schaffen perfekte Bedingungen f\u00fcr Pollen- und Hausstauballergiker.<\/p>\t\t\t\t\t\t\t\t<\/div>\n\t\t\t\t<\/div>\n\t\t\t\t\t<\/div>\n\t\t\t\t<\/div>\n\t\t<div class=\"elementor-element elementor-element-8cb095f e-flex e-con-boxed e-con e-parent\" data-id=\"8cb095f\" data-element_type=\"container\">\n\t\t\t\t\t<div class=\"e-con-inner\">\n\t\t<div class=\"elementor-element elementor-element-bb9ef28 e-con-full e-flex e-con e-child\" data-id=\"bb9ef28\" data-element_type=\"container\">\n\t\t\t\t<div class=\"elementor-element elementor-element-a8f5608 elementor-widget elementor-widget-heading\" data-id=\"a8f5608\" data-element_type=\"widget\" data-widget_type=\"heading.default\">\n\t\t\t\t<div class=\"elementor-widget-container\">\n\t\t\t\t\t<h2 class=\"elementor-heading-title elementor-size-default\">Pollenzeit von Fr\u00fchling bis Herbst<\/h2>\t\t\t\t<\/div>\n\t\t\t\t<\/div>\n\t\t\t\t<div class=\"elementor-element elementor-element-c595c68 elementor-widget elementor-widget-text-editor\" data-id=\"c595c68\" data-element_type=\"widget\" data-widget_type=\"text-editor.default\">\n\t\t\t\t<div class=\"elementor-widget-container\">\n\t\t\t\t\t\t\t\t\t<p>F\u00fcr Heuschnupfengeplagte beginnt jedes Jahr im Fr\u00fchling eine Zeit des Leidens. Sobald der Schnee geschmolzen ist, beginnt die Pollenbelastung zu steigen und l\u00e4sst erst im Herbst wieder nach. Aber es gibt Orte, wo auch Allergiker befreit aufatmen k\u00f6nnen und dazu z\u00e4hlen die Berge.<\/p>\t\t\t\t\t\t\t\t<\/div>\n\t\t\t\t<\/div>\n\t\t\t\t<div class=\"elementor-element elementor-element-90e9b02 elementor-widget elementor-widget-heading\" data-id=\"90e9b02\" data-element_type=\"widget\" data-widget_type=\"heading.default\">\n\t\t\t\t<div class=\"elementor-widget-container\">\n\t\t\t\t\t<h2 class=\"elementor-heading-title elementor-size-default\">Keine Pollenbelastung auf den Bergen<\/h2>\t\t\t\t<\/div>\n\t\t\t\t<\/div>\n\t\t\t\t<div class=\"elementor-element elementor-element-07434fd elementor-widget elementor-widget-text-editor\" data-id=\"07434fd\" data-element_type=\"widget\" data-widget_type=\"text-editor.default\">\n\t\t\t\t<div class=\"elementor-widget-container\">\n\t\t\t\t\t\t\t\t\t<p>Ab einer H\u00f6he von 1.800 Meter gibt es so gut wie keine Pollen mehr in der Luft \u2013 auch zur Hauptbl\u00fctezeit von M\u00e4rz bis Oktober. Und schon auf 1.500 Meter ist die Pollenbelastung signifikant niedriger als im Flachland. Dazu kommt die frische unverschmutzte Luft in den Bergen, die nicht nur Allergiker befreit aufatmen l\u00e4sst. Die Symptome von Atemwegsbeschwerden sind in den Bergen deutlich gemindert und viele Menschen, die in St\u00e4dten unter Sauerstoffmangel leiden und rasch au\u00dfer Atem sind, sind \u00fcberrascht, welche k\u00f6rperlichen Aktivit\u00e4ten sie in den Bergen problemlos meistern.<\/p>\t\t\t\t\t\t\t\t<\/div>\n\t\t\t\t<\/div>\n\t\t\t\t<\/div>\n\t\t<div class=\"elementor-element elementor-element-d407709 e-con-full e-flex e-con e-child\" data-id=\"d407709\" data-element_type=\"container\">\n\t\t\t\t<div class=\"elementor-element elementor-element-96a1003 elementor-widget elementor-widget-image\" data-id=\"96a1003\" data-element_type=\"widget\" data-widget_type=\"image.default\">\n\t\t\t\t<div class=\"elementor-widget-container\">\n\t\t\t\t\t\t\t\t\t\t\t\t\t\t\t<img fetchpriority=\"high\" decoding=\"async\" width=\"768\" height=\"509\" src=\"https:\/\/www.bold-black.109-235-60-67.plesk.page\/wp-content\/uploads\/2024\/04\/winter-landschaft-berge.jpg\" class=\"attachment-large size-large wp-image-5662\" alt=\"\" srcset=\"https:\/\/www.bold-black.109-235-60-67.plesk.page\/wp-content\/uploads\/2024\/04\/winter-landschaft-berge.jpg 900w, https:\/\/www.bold-black.109-235-60-67.plesk.page\/wp-content\/uploads\/2024\/04\/winter-landschaft-berge-300x199.jpg 300w, https:\/\/www.bold-black.109-235-60-67.plesk.page\/wp-content\/uploads\/2024\/04\/winter-landschaft-berge-768x509.jpg 768w, https:\/\/www.bold-black.109-235-60-67.plesk.page\/wp-content\/uploads\/2024\/04\/winter-landschaft-berge-18x12.jpg 18w, https:\/\/www.bold-black.109-235-60-67.plesk.page\/wp-content\/uploads\/2024\/04\/winter-landschaft-berge-405x268.jpg 405w\" sizes=\"(max-width: 768px) 100vw, 768px\" \/>\t\t\t\t\t\t\t\t\t\t\t\t\t\t\t<\/div>\n\t\t\t\t<\/div>\n\t\t\t\t<\/div>\n\t\t\t\t\t<\/div>\n\t\t\t\t<\/div>\n\t\t<div class=\"elementor-element elementor-element-1a986e9 e-flex e-con-boxed e-con e-parent\" data-id=\"1a986e9\" data-element_type=\"container\">\n\t\t\t\t\t<div class=\"e-con-inner\">\n\t\t\t\t<div class=\"elementor-element elementor-element-4e03497 elementor-widget elementor-widget-heading\" data-id=\"4e03497\" data-element_type=\"widget\" data-widget_type=\"heading.default\">\n\t\t\t\t<div class=\"elementor-widget-container\">\n\t\t\t\t\t<h2 class=\"elementor-heading-title elementor-size-default\">Keine Hausstaubmilben in Bergh\u00fctten ab 1.500 Meter<\/h2>\t\t\t\t<\/div>\n\t\t\t\t<\/div>\n\t\t\t\t<div class=\"elementor-element elementor-element-fb764e5 elementor-widget elementor-widget-text-editor\" data-id=\"fb764e5\" data-element_type=\"widget\" data-widget_type=\"text-editor.default\">\n\t\t\t\t<div class=\"elementor-widget-container\">\n\t\t\t\t\t\t\t\t\t<p>Nicht nur in der Natur, auch im Haus profitieren Allergiker von der H\u00f6henlage. Ab etwa 1.500 Meter Seeh\u00f6he ist die Luft f\u00fcr Hausstaubmilben zu d\u00fcnn, zu trocken und zu k\u00fchl, sie k\u00f6nnen hier nicht \u00fcberleben.<\/p>\t\t\t\t\t\t\t\t<\/div>\n\t\t\t\t<\/div>\n\t\t\t\t<div class=\"elementor-element elementor-element-eadca5e elementor-widget elementor-widget-heading\" data-id=\"eadca5e\" data-element_type=\"widget\" data-widget_type=\"heading.default\">\n\t\t\t\t<div class=\"elementor-widget-container\">\n\t\t\t\t\t<h2 class=\"elementor-heading-title elementor-size-default\">Beinahe keine Schimmelpilzsporen in den Bergen<\/h2>\t\t\t\t<\/div>\n\t\t\t\t<\/div>\n\t\t\t\t<div class=\"elementor-element elementor-element-031914d elementor-widget elementor-widget-text-editor\" data-id=\"031914d\" data-element_type=\"widget\" data-widget_type=\"text-editor.default\">\n\t\t\t\t<div class=\"elementor-widget-container\">\n\t\t\t\t\t\t\t\t\t<p>Und ab etwa 1.500 Meter gibt es auch praktisch keine Belastung durch Schimmelpilzsporen oder Bakterien mehr.<\/p>\t\t\t\t\t\t\t\t<\/div>\n\t\t\t\t<\/div>\n\t\t\t\t<div class=\"elementor-element elementor-element-2129f19 elementor-widget elementor-widget-heading\" data-id=\"2129f19\" data-element_type=\"widget\" data-widget_type=\"heading.default\">\n\t\t\t\t<div class=\"elementor-widget-container\">\n\t\t\t\t\t<h2 class=\"elementor-heading-title elementor-size-default\">Allergiefreie Urlaubszeit<\/h2>\t\t\t\t<\/div>\n\t\t\t\t<\/div>\n\t\t\t\t<div class=\"elementor-element elementor-element-e598d3d elementor-widget elementor-widget-text-editor\" data-id=\"e598d3d\" data-element_type=\"widget\" data-widget_type=\"text-editor.default\">\n\t\t\t\t<div class=\"elementor-widget-container\">\n\t\t\t\t\t\t\t\t\t<p>In der H\u00f6he der Berge genie\u00dfen Sie Ihren Aktiv-Urlaub in vollen Z\u00fcgen. Asthma- und Allergiesymptome reduzieren sich deutlich und Betroffene erleben so einen weitgehend beschwerdefreien Aufenthalt.<\/p>\t\t\t\t\t\t\t\t<\/div>\n\t\t\t\t<\/div>\n\t\t\t\t\t<\/div>\n\t\t\t\t<\/div>\n\t\t<div class=\"elementor-element elementor-element-274241a e-flex e-con-boxed e-con e-parent\" data-id=\"274241a\" data-element_type=\"container\">\n\t\t\t\t\t<div class=\"e-con-inner\">\n\t\t\t\t\t<\/div>\n\t\t\t\t<\/div>\n\t\t\t\t<\/div>","protected":false},"excerpt":{"rendered":"<p>Urlaub f\u00fcr Allergiker \u2013 Bergluft und H\u00f6henlage sind optimal Keine Pollen und keine Hausstaubmilben Die frische, klare Luft, die H\u00f6henlage und die k\u00fchleren Temperaturen auf den Bergen schaffen perfekte Bedingungen f\u00fcr Pollen- und Hausstauballergiker. Pollenzeit von Fr\u00fchling bis Herbst F\u00fcr Heuschnupfengeplagte beginnt jedes Jahr im Fr\u00fchling eine Zeit des Leidens. Sobald der Schnee geschmolzen ist, [&hellip;]<\/p>","protected":false},"author":2,"featured_media":0,"parent":827,"menu_order":0,"comment_status":"closed","ping_status":"closed","template":"","meta":{"inline_featured_image":false,"footnotes":""},"class_list":["post-834","page","type-page","status-publish","hentry"],"acf":[],"_links":{"self":[{"href":"https:\/\/www.bold-black.109-235-60-67.plesk.page\/hu\/wp-json\/wp\/v2\/pages\/834","targetHints":{"allow":["GET"]}}],"collection":[{"href":"https:\/\/www.bold-black.109-235-60-67.plesk.page\/hu\/wp-json\/wp\/v2\/pages"}],"about":[{"href":"https:\/\/www.bold-black.109-235-60-67.plesk.page\/hu\/wp-json\/wp\/v2\/types\/page"}],"author":[{"embeddable":true,"href":"https:\/\/www.bold-black.109-235-60-67.plesk.page\/hu\/wp-json\/wp\/v2\/users\/2"}],"replies":[{"embeddable":true,"href":"https:\/\/www.bold-black.109-235-60-67.plesk.page\/hu\/wp-json\/wp\/v2\/comments?post=834"}],"version-history":[{"count":5,"href":"https:\/\/www.bold-black.109-235-60-67.plesk.page\/hu\/wp-json\/wp\/v2\/pages\/834\/revisions"}],"predecessor-version":[{"id":5677,"href":"https:\/\/www.bold-black.109-235-60-67.plesk.page\/hu\/wp-json\/wp\/v2\/pages\/834\/revisions\/5677"}],"up":[{"embeddable":true,"href":"https:\/\/www.bold-black.109-235-60-67.plesk.page\/hu\/wp-json\/wp\/v2\/pages\/827"}],"wp:attachment":[{"href":"https:\/\/www.bold-black.109-235-60-67.plesk.page\/hu\/wp-json\/wp\/v2\/media?parent=834"}],"curies":[{"name":"wp","href":"https:\/\/api.w.org\/{rel}","templated":true}]}}

Nyaralás allergiásoknak

<div data-elementor-type="wp-page" data-elementor-id="834" class="elementor elementor-834">
				<div class="elementor-element elementor-element-3e6e89b e-flex e-con-boxed e-con e-parent" data-id="3e6e89b" data-element_type="container">
					<div class="e-con-inner">
				<div class="elementor-element elementor-element-fb19438 elementor-widget elementor-widget-heading" data-id="fb19438" data-element_type="widget" data-widget_type="heading.default">
				<div class="elementor-widget-container">
					<h2 class="elementor-heading-title elementor-size-default">Urlaub für Allergiker – Bergluft und Höhenlage sind optimal</h2>				</div>
				</div>
				<div class="elementor-element elementor-element-270de4c elementor-widget elementor-widget-heading" data-id="270de4c" data-element_type="widget" data-widget_type="heading.default">
				<div class="elementor-widget-container">
					<h2 class="elementor-heading-title elementor-size-default">Keine Pollen und keine Hausstaubmilben</h2>				</div>
				</div>
				<div class="elementor-element elementor-element-2dfb657 elementor-widget elementor-widget-text-editor" data-id="2dfb657" data-element_type="widget" data-widget_type="text-editor.default">
				<div class="elementor-widget-container">
									<p>Die frische, klare Luft, die Höhenlage und die kühleren Temperaturen auf den Bergen schaffen perfekte Bedingungen für Pollen- und Hausstauballergiker.</p>								</div>
				</div>
					</div>
				</div>
		<div class="elementor-element elementor-element-8cb095f e-flex e-con-boxed e-con e-parent" data-id="8cb095f" data-element_type="container">
					<div class="e-con-inner">
		<div class="elementor-element elementor-element-bb9ef28 e-con-full e-flex e-con e-child" data-id="bb9ef28" data-element_type="container">
				<div class="elementor-element elementor-element-a8f5608 elementor-widget elementor-widget-heading" data-id="a8f5608" data-element_type="widget" data-widget_type="heading.default">
				<div class="elementor-widget-container">
					<h2 class="elementor-heading-title elementor-size-default">Pollenzeit von Frühling bis Herbst</h2>				</div>
				</div>
				<div class="elementor-element elementor-element-c595c68 elementor-widget elementor-widget-text-editor" data-id="c595c68" data-element_type="widget" data-widget_type="text-editor.default">
				<div class="elementor-widget-container">
									<p>Für Heuschnupfengeplagte beginnt jedes Jahr im Frühling eine Zeit des Leidens. Sobald der Schnee geschmolzen ist, beginnt die Pollenbelastung zu steigen und lässt erst im Herbst wieder nach. Aber es gibt Orte, wo auch Allergiker befreit aufatmen können und dazu zählen die Berge.</p>								</div>
				</div>
				<div class="elementor-element elementor-element-90e9b02 elementor-widget elementor-widget-heading" data-id="90e9b02" data-element_type="widget" data-widget_type="heading.default">
				<div class="elementor-widget-container">
					<h2 class="elementor-heading-title elementor-size-default">Keine Pollenbelastung auf den Bergen</h2>				</div>
				</div>
				<div class="elementor-element elementor-element-07434fd elementor-widget elementor-widget-text-editor" data-id="07434fd" data-element_type="widget" data-widget_type="text-editor.default">
				<div class="elementor-widget-container">
									<p>Ab einer Höhe von 1.800 Meter gibt es so gut wie keine Pollen mehr in der Luft – auch zur Hauptblütezeit von März bis Oktober. Und schon auf 1.500 Meter ist die Pollenbelastung signifikant niedriger als im Flachland. Dazu kommt die frische unverschmutzte Luft in den Bergen, die nicht nur Allergiker befreit aufatmen lässt. Die Symptome von Atemwegsbeschwerden sind in den Bergen deutlich gemindert und viele Menschen, die in Städten unter Sauerstoffmangel leiden und rasch außer Atem sind, sind überrascht, welche körperlichen Aktivitäten sie in den Bergen problemlos meistern.</p>								</div>
				</div>
				</div>
		<div class="elementor-element elementor-element-d407709 e-con-full e-flex e-con e-child" data-id="d407709" data-element_type="container">
				<div class="elementor-element elementor-element-96a1003 elementor-widget elementor-widget-image" data-id="96a1003" data-element_type="widget" data-widget_type="image.default">
				<div class="elementor-widget-container">
															<img fetchpriority="high" decoding="async" width="768" height="509" src="https://www.bold-black.109-235-60-67.plesk.page/wp-content/uploads/2024/04/winter-landschaft-berge.jpg" class="attachment-large size-large wp-image-5662" alt="" srcset="https://www.bold-black.109-235-60-67.plesk.page/wp-content/uploads/2024/04/winter-landschaft-berge.jpg 900w, https://www.bold-black.109-235-60-67.plesk.page/wp-content/uploads/2024/04/winter-landschaft-berge-300x199.jpg 300w, https://www.bold-black.109-235-60-67.plesk.page/wp-content/uploads/2024/04/winter-landschaft-berge-768x509.jpg 768w, https://www.bold-black.109-235-60-67.plesk.page/wp-content/uploads/2024/04/winter-landschaft-berge-18x12.jpg 18w, https://www.bold-black.109-235-60-67.plesk.page/wp-content/uploads/2024/04/winter-landschaft-berge-405x268.jpg 405w" sizes="(max-width: 768px) 100vw, 768px" />															</div>
				</div>
				</div>
					</div>
				</div>
		<div class="elementor-element elementor-element-1a986e9 e-flex e-con-boxed e-con e-parent" data-id="1a986e9" data-element_type="container">
					<div class="e-con-inner">
				<div class="elementor-element elementor-element-4e03497 elementor-widget elementor-widget-heading" data-id="4e03497" data-element_type="widget" data-widget_type="heading.default">
				<div class="elementor-widget-container">
					<h2 class="elementor-heading-title elementor-size-default">Keine Hausstaubmilben in Berghütten ab 1.500 Meter</h2>				</div>
				</div>
				<div class="elementor-element elementor-element-fb764e5 elementor-widget elementor-widget-text-editor" data-id="fb764e5" data-element_type="widget" data-widget_type="text-editor.default">
				<div class="elementor-widget-container">
									<p>Nicht nur in der Natur, auch im Haus profitieren Allergiker von der Höhenlage. Ab etwa 1.500 Meter Seehöhe ist die Luft für Hausstaubmilben zu dünn, zu trocken und zu kühl, sie können hier nicht überleben.</p>								</div>
				</div>
				<div class="elementor-element elementor-element-eadca5e elementor-widget elementor-widget-heading" data-id="eadca5e" data-element_type="widget" data-widget_type="heading.default">
				<div class="elementor-widget-container">
					<h2 class="elementor-heading-title elementor-size-default">Beinahe keine Schimmelpilzsporen in den Bergen</h2>				</div>
				</div>
				<div class="elementor-element elementor-element-031914d elementor-widget elementor-widget-text-editor" data-id="031914d" data-element_type="widget" data-widget_type="text-editor.default">
				<div class="elementor-widget-container">
									<p>Und ab etwa 1.500 Meter gibt es auch praktisch keine Belastung durch Schimmelpilzsporen oder Bakterien mehr.</p>								</div>
				</div>
				<div class="elementor-element elementor-element-2129f19 elementor-widget elementor-widget-heading" data-id="2129f19" data-element_type="widget" data-widget_type="heading.default">
				<div class="elementor-widget-container">
					<h2 class="elementor-heading-title elementor-size-default">Allergiefreie Urlaubszeit</h2>				</div>
				</div>
				<div class="elementor-element elementor-element-e598d3d elementor-widget elementor-widget-text-editor" data-id="e598d3d" data-element_type="widget" data-widget_type="text-editor.default">
				<div class="elementor-widget-container">
									<p>In der Höhe der Berge genießen Sie Ihren Aktiv-Urlaub in vollen Zügen. Asthma- und Allergiesymptome reduzieren sich deutlich und Betroffene erleben so einen weitgehend beschwerdefreien Aufenthalt.</p>								</div>
				</div>
					</div>
				</div>
		<div class="elementor-element elementor-element-274241a e-flex e-con-boxed e-con e-parent" data-id="274241a" data-element_type="container">
					<div class="e-con-inner">
					</div>
				</div>
				</div>

<p>Urlaub für Allergiker – Bergluft und Höhenlage sind optimal Keine Pollen und keine Hausstaubmilben Die frische, klare Luft, die Höhenlage und die kühleren Temperaturen auf den Bergen schaffen perfekte Bedingungen für Pollen- und Hausstauballergiker. Pollenzeit von Frühling bis Herbst Für Heuschnupfengeplagte beginnt jedes Jahr im Frühling eine Zeit des Leidens. Sobald der Schnee geschmolzen ist, [&hellip;]</p>
