{"id":8549,"date":"2024-07-16T11:11:19","date_gmt":"2024-07-16T09:11:19","guid":{"rendered":"https:\/\/www.huettenpartner.eu\/accommodation\/pan-stm\/"},"modified":"2024-12-05T15:15:19","modified_gmt":"2024-12-05T13:15:19","slug":"pan-stm","status":"publish","type":"mphb_room_type","link":"https:\/\/www.bold-black.109-235-60-67.plesk.page\/hu\/accommodation\/pan-stm\/","title":{"rendered":"PAN-STM"},"content":{"rendered":"<p><strong>\u00d6nell\u00e1t\u00f3 kabin 4 f\u0151 r\u00e9sz\u00e9re<br>2 db k\u00e9t\u00e1gyas szoba<br>1 p\u00f3t\u00e1gy foglalhat\u00f3<br>1 zuhanyz\u00f3\/WC<br>Lak\u00f3ter\u00fclet 60 m\u00b2<br>Magass\u00e1g 1600 m<br>k\u00f6zvetlen\u00fcl a s\u00ed- \u00e9s t\u00farater\u00fcleten<br>Ny\u00e1ron aut\u00f3val megk\u00f6zel\u00edthet\u0151<br>h\u00e1zi\u00e1llat nem megengedett&nbsp;<\/strong><\/p>\n\n\n\n<p><a href=\"https:\/\/www.huettenpartner.com\/service\/huettenanfrage.html?t=1&amp;ncm-hp-token=PAN-STM&amp;code=PAN-STM&amp;cal_von=&amp;cal_bis=\"><\/a><\/p>\n\n\n\n<p><strong>Poz\u00edci\u00f3<\/strong><\/p>\n\n\n\n<p>A Tauplitz mesebeli t\u00e9li t\u00e1j\u00e1r\u00f3l, hangulatos s\u00edkunyh\u00f3ir\u00f3l \u00e9s csod\u00e1latos naps\u00fct\u00e9ses hely\u00e9r\u0151l ismert. A kunyh\u00f3 teljesen egyed\u00fcl van, a s\u00ed- \u00e9s t\u00farater\u00fclet k\u00f6zep\u00e9n, 42 kilom\u00e9ternyi p\u00e1lya, s\u00ediskola, t\u00fara- \u00e9s ker\u00e9kp\u00e1r\u00fat k\u00f6zvetlen\u00fcl az ajt\u00f3 el\u0151tt! Ny\u00e1ron saj\u00e1t g\u00e9pkocsival megk\u00f6zel\u00edthet\u0151 (\u00fatd\u00edj). T\u00e9len a Mitterstein gondola v\u00f6lgy\u00e1llom\u00e1s\u00e1hoz aut\u00f3val lehet eljutni, ahol parkol\u00f3 is tal\u00e1lhat\u00f3. (D\u00edj 2023-t\u00f3l kb. 30 \u20ac\/h\u00e9t). A kunyh\u00f3 a k\u00f6z\u00e9ps\u0151 \u00e1llom\u00e1s alatt tal\u00e1lhat\u00f3, r\u00f6vid lejt\u0151n vagy gyalogosan megk\u00f6zel\u00edthet\u0151 a lejt\u0151k\u00f6n kereszt\u00fcl. A b\u00e9rbead\u00f3 seg\u00edthet a poggy\u00e1szsz\u00e1ll\u00edt\u00e1sban a skidoo-val (40 \u20ac d\u00edj). A kb. 250 m\u00e9terrel lejjebb tal\u00e1lhat\u00f3 Sch\u00f6nialmig is fel lehet hajtani (fizet\u0151s \u00fat \u00e9s parkol\u00e1si d\u00edj 30 \u20ac\/h\u00e9t). Innen poggy\u00e1sz\/f\u0151 sz\u00e1ll\u00edt\u00e1s h\u00f3mos\u00f3val (kb. 80 \u20ac d\u00edj ellen\u00e9ben) 17 \u00f3r\u00e1t\u00f3l a p\u00e1ly\u00e1k z\u00e1r\u00e1sa ut\u00e1n.\u00a0<\/p>\n\n\n\n<p><strong>T\u00e1vols\u00e1gok<\/strong><\/p>\n\n\n\n<p>S\u00ed- \u00e9s t\u00farater\u00fclet k\u00f6zvetlen\u00fcl a kunyh\u00f3 el\u0151tt, s\u00ediskola a gondol\u00e1s felvon\u00f3n\u00e1l, t\u00e9li t\u00fara\u00fatvonal a gondol\u00e1s hegyi \u00e1llom\u00e1sn\u00e1l, Bad Mitterndorf 8 km, Tauplitz 14 km, Bad Aussee 25 km. Kezelt alpesi legel\u0151 t\u00e9len 250m. Ny\u00e1ron a Tauplitzalm t\u00farater\u00fclet k\u00f6zep\u00e9n tal\u00e1lhat\u00f3, 6 krist\u00e1lytiszta hegyi t\u00f3val \u00e9s sz\u00e1mos kezelt alpesi legel\u0151vel. Tipp: ker\u00e9kp\u00e1rozzon lefel\u00e9 a Tauplitzalmstra\u00dfe-n kereszt\u00fcl Bad Mitterndorfba, a Salzkammergut ker\u00e9kp\u00e1r\u00faton Tauplitzba, menjen fel a felvon\u00f3val (ingyenes ker\u00e9kp\u00e1ros sz\u00e1ll\u00edt\u00e1s) \u00e9s a naps\u00fct\u00f6tte fenns\u00edkon, kunyh\u00f3k \u00e9s hegyi tavak mellett, vissza a kunyh\u00f3ba.\u00a0<\/p>\n\n\n\n<p><strong>felszerel\u00e9s<\/strong><\/p>\n\n\n\n<p>A fels\u0151 szinten laksz: itt l\u00e9psz be a kunyh\u00f3ba egy nappaliban, ahol \u00fcl\u0151sarok, kandall\u00f3, m\u0171holdas TV \u00e9s konyhasarok tal\u00e1lhat\u00f3 elektromos t\u0171zhellyel, s\u00fct\u0151vel, h\u0171t\u0151szekr\u00e9nnyel, mosogat\u00f3g\u00e9ppel, k\u00e1v\u00e9f\u0151z\u0151vel, v\u00edzforral\u00f3val. 2 db k\u00e9t\u00e1gyas szoba, 1 zuhanyz\u00f3\/WC. F\u0171t\u00e9se fat\u00fczel\u00e9s\u0171 k\u00e1lyh\u00e1val \u00e9s villany. A kunyh\u00f3 el\u0151tt egy grillez\u0151vel \u00e9s nyug\u00e1gyakkal ell\u00e1tott \u00fcl\u0151sarok tal\u00e1lhat\u00f3. A f\u00f6ldszinten van egy \u00fcres ist\u00e1ll\u00f3. \u00c9lvezze a csod\u00e1latos panor\u00e1m\u00e1t a Dachsteinr\u0151l a Grimmingen \u00e1t a gerincre egyed\u00fcl\u00e1ll\u00f3 nyugalomban \u00e9s csendben.<\/p>\n\n\n\n<p><strong>Helyi t\u00f6bbletk\u00f6lts\u00e9gek kisebb v\u00e1ltoztat\u00e1sok f\u00fcggv\u00e9ny\u00e9ben<\/strong><\/p>\n\n\n\n<p>Villany fogyaszt\u00e1s szerint 0,45kwh \u20ac, idegenforgalmi ad\u00f3 jelenleg 2,50\/f\u0151\/\u00e9j, v\u00e9gtakar\u00edt\u00e1s 60 \u20ac. \u00c1gynem\u0171 7 \u20ac, t\u00f6r\u00f6lk\u00f6z\u0151 3 \u20ac\/k\u00e9szlet b\u00e9relhet\u0151. P\u00f3t\u00e1gy 10 \u20ac\/\u00e9j. Felh\u00edvjuk figyelm\u00e9t, hogy a v\u00e1lasztott \u00e9rkez\u00e9si m\u00f3dt\u00f3l f\u00fcgg\u0151en k\u00fcl\u00f6n d\u00edjak, parkol\u00e1si d\u00edjak 30 \u20ac\/h\u00e9t, skidoo sz\u00e1ll\u00edt\u00e1si d\u00edj 40 \u20ac vagy h\u00f3mos\u00f3 80 \u20ac.<\/p>","protected":false},"excerpt":{"rendered":"<p>Selbstversorgerh\u00fctte f\u00fcr 4 Personen2 Doppelzimmer1 Zusatzbett vorhanden1 DU\/WCWohnfl\u00e4che 60m\u00b2Seeh\u00f6he 1.600mdirekt im Ski- und WandergebietIm Sommer mit PKW erreichbarHaustiere nicht erlaubt&nbsp; Lage Die Tauplitz ist bekannt f\u00fcr m\u00e4rchenhafte Winterlandschaft, gem\u00fctliche Skih\u00fctten und herrliche Sonnenlage. Die H\u00fctte liegt ganz alleine, mitten im Ski- und Wandergebiet, 42 Pistenkilometer, Skischulen, Wander- und Bikewegenetz direkt vor der T\u00fcr! Im Sommer [&hellip;]<\/p>","protected":false},"featured_media":9934,"menu_order":0,"comment_status":"open","ping_status":"open","template":"","mphb_room_type_category":[145,144,156],"mphb_room_type_tag":[],"mphb_room_type_facility":[188,176,166,163,208,197,160,211,220,219,209,199,126,221,214,213,212,215,216],"class_list":["post-8549","mphb_room_type","type-mphb_room_type","status-publish","has-post-thumbnail","hentry","mphb_room_type_category-almhuette","mphb_room_type_category-skihuette","mphb_room_type_category-steiermark","mphb_room_type_facility-1500m","mphb_room_type_facility-1-badezimmer","mphb_room_type_facility-2-schlafzimmer","mphb_room_type_facility-erreichbar-im-sommer","mphb_room_type_facility-familienurlaub","mphb_room_type_facility-geschirrspueler","mphb_room_type_facility-haustiere-nok","mphb_room_type_facility-huettenfeiern","mphb_room_type_facility-langlaufen","mphb_room_type_facility-mountainbiken","mphb_room_type_facility-romantikurlaub","mphb_room_type_facility-sat-tv","mphb_room_type_facility-skigebiet","mphb_room_type_facility-skitouren","mphb_room_type_facility-sommerurlaub","mphb_room_type_facility-urlaub-fuer-allergiker","mphb_room_type_facility-urlaub-mit-hund","mphb_room_type_facility-wanderherbst","mphb_room_type_facility-winterurlaub","mphb_ra_personen-1-6-personen","mphb-room-type-adults-1","mphb-room-type-children-0",""],"acf":{"export_an_mondial":true,"personen_fur_e-domizil":"4","hutid":"424","hutcode":"PAN-STM","ort":"Tauplitz","plz":"","latitude":"47.589601","longitude":"13.963206"},"_links":{"self":[{"href":"https:\/\/www.bold-black.109-235-60-67.plesk.page\/hu\/wp-json\/wp\/v2\/mphb_room_type\/8549","targetHints":{"allow":["GET"]}}],"collection":[{"href":"https:\/\/www.bold-black.109-235-60-67.plesk.page\/hu\/wp-json\/wp\/v2\/mphb_room_type"}],"about":[{"href":"https:\/\/www.bold-black.109-235-60-67.plesk.page\/hu\/wp-json\/wp\/v2\/types\/mphb_room_type"}],"replies":[{"embeddable":true,"href":"https:\/\/www.bold-black.109-235-60-67.plesk.page\/hu\/wp-json\/wp\/v2\/comments?post=8549"}],"wp:featuredmedia":[{"embeddable":true,"href":"https:\/\/www.bold-black.109-235-60-67.plesk.page\/hu\/wp-json\/wp\/v2\/media\/9934"}],"wp:attachment":[{"href":"https:\/\/www.bold-black.109-235-60-67.plesk.page\/hu\/wp-json\/wp\/v2\/media?parent=8549"}],"wp:term":[{"taxonomy":"mphb_room_type_category","embeddable":true,"href":"https:\/\/www.bold-black.109-235-60-67.plesk.page\/hu\/wp-json\/wp\/v2\/mphb_room_type_category?post=8549"},{"taxonomy":"mphb_room_type_tag","embeddable":true,"href":"https:\/\/www.bold-black.109-235-60-67.plesk.page\/hu\/wp-json\/wp\/v2\/mphb_room_type_tag?post=8549"},{"taxonomy":"mphb_room_type_facility","embeddable":true,"href":"https:\/\/www.bold-black.109-235-60-67.plesk.page\/hu\/wp-json\/wp\/v2\/mphb_room_type_facility?post=8549"}],"curies":[{"name":"wp","href":"https:\/\/api.w.org\/{rel}","templated":true}]}}

<p><strong>Önellátó kabin 4 fő részére<br>2 db kétágyas szoba<br>1 pótágy foglalható<br>1 zuhanyzó/WC<br>Lakóterület 60 m²<br>Magasság 1600 m<br>közvetlenül a sí- és túraterületen<br>Nyáron autóval megközelíthető<br>háziállat nem megengedett&nbsp;</strong></p>



<p><a href="https://www.huettenpartner.com/service/huettenanfrage.html?t=1&amp;ncm-hp-token=PAN-STM&amp;code=PAN-STM&amp;cal_von=&amp;cal_bis="></a></p>



<p><strong>Pozíció</strong></p>



<p>A Tauplitz mesebeli téli tájáról, hangulatos síkunyhóiról és csodálatos napsütéses helyéről ismert. A kunyhó teljesen egyedül van, a sí- és túraterület közepén, 42 kilométernyi pálya, síiskola, túra- és kerékpárút közvetlenül az ajtó előtt! Nyáron saját gépkocsival megközelíthető (útdíj). Télen a Mitterstein gondola völgyállomásához autóval lehet eljutni, ahol parkoló is található. (Díj 2023-tól kb. 30 €/hét). A kunyhó a középső állomás alatt található, rövid lejtőn vagy gyalogosan megközelíthető a lejtőkön keresztül. A bérbeadó segíthet a poggyászszállításban a skidoo-val (40 € díj). A kb. 250 méterrel lejjebb található Schönialmig is fel lehet hajtani (fizetős út és parkolási díj 30 €/hét). Innen poggyász/fő szállítás hómosóval (kb. 80 € díj ellenében) 17 órától a pályák zárása után. </p>



<p><strong>Távolságok</strong></p>



<p>Sí- és túraterület közvetlenül a kunyhó előtt, síiskola a gondolás felvonónál, téli túraútvonal a gondolás hegyi állomásnál, Bad Mitterndorf 8 km, Tauplitz 14 km, Bad Aussee 25 km. Kezelt alpesi legelő télen 250m. Nyáron a Tauplitzalm túraterület közepén található, 6 kristálytiszta hegyi tóval és számos kezelt alpesi legelővel. Tipp: kerékpározzon lefelé a Tauplitzalmstraße-n keresztül Bad Mitterndorfba, a Salzkammergut kerékpárúton Tauplitzba, menjen fel a felvonóval (ingyenes kerékpáros szállítás) és a napsütötte fennsíkon, kunyhók és hegyi tavak mellett, vissza a kunyhóba. </p>



<p><strong>felszerelés</strong></p>



<p>A felső szinten laksz: itt lépsz be a kunyhóba egy nappaliban, ahol ülősarok, kandalló, műholdas TV és konyhasarok található elektromos tűzhellyel, sütővel, hűtőszekrénnyel, mosogatógéppel, kávéfőzővel, vízforralóval. 2 db kétágyas szoba, 1 zuhanyzó/WC. Fűtése fatüzelésű kályhával és villany. A kunyhó előtt egy grillezővel és nyugágyakkal ellátott ülősarok található. A földszinten van egy üres istálló. Élvezze a csodálatos panorámát a Dachsteinről a Grimmingen át a gerincre egyedülálló nyugalomban és csendben.</p>



<p><strong>Helyi többletköltségek kisebb változtatások függvényében</strong></p>



<p>Villany fogyasztás szerint 0,45kwh €, idegenforgalmi adó jelenleg 2,50/fő/éj, végtakarítás 60 €. Ágynemű 7 €, törölköző 3 €/készlet bérelhető. Pótágy 10 €/éj. Felhívjuk figyelmét, hogy a választott érkezési módtól függően külön díjak, parkolási díjak 30 €/hét, skidoo szállítási díj 40 € vagy hómosó 80 €.</p>

<p>Selbstversorgerhütte für 4 Personen2 Doppelzimmer1 Zusatzbett vorhanden1 DU/WCWohnfläche 60m²Seehöhe 1.600mdirekt im Ski- und WandergebietIm Sommer mit PKW erreichbarHaustiere nicht erlaubt&nbsp; Lage Die Tauplitz ist bekannt für märchenhafte Winterlandschaft, gemütliche Skihütten und herrliche Sonnenlage. Die Hütte liegt ganz alleine, mitten im Ski- und Wandergebiet, 42 Pistenkilometer, Skischulen, Wander- und Bikewegenetz direkt vor der Tür! Im Sommer [&hellip;]</p>
