{"id":8168,"date":"2024-04-25T17:15:31","date_gmt":"2024-04-25T15:15:31","guid":{"rendered":"https:\/\/www.huettenpartner.eu\/?post_type=mphb_room_type&#038;p=8168"},"modified":"2024-12-05T15:15:10","modified_gmt":"2024-12-05T13:15:10","slug":"tra-sbg","status":"publish","type":"mphb_room_type","link":"https:\/\/www.bold-black.109-235-60-67.plesk.page\/hu\/accommodation\/tra-sbg\/","title":{"rendered":"TRA-SBG"},"content":{"rendered":"<p><strong>\u00d6nell\u00e1t\u00f3 kabin 10 f\u0151ig<br>1 k\u00e9t\u00e1gyas, 1 h\u00e1rom\u00e1gyas, 1 \u00f6t\u00e1gyas szoba<br>1 zuhanyz\u00f3, 1 WC<br>Lak\u00f3ter\u00fclet 100 m\u00b2<br>Magass\u00e1g 1955 m<br>Aut\u00f3val megk\u00f6zel\u00edthet\u0151<br>1 kis\u00e1llat megengedett<\/strong><\/p>\n\n\n\n<p><a href=\"https:\/\/www.huettenpartner.com\/service\/huettenanfrage.html?t=1&amp;ncm-hp-token=TRA-SBG&amp;code=TRA-SBG&amp;cal_von=&amp;cal_bis=\"><\/a><\/p>\n\n\n\n<p><strong>Poz\u00edci\u00f3<\/strong><\/p>\n\n\n\n<p>A Salzburg-vid\u00e9k legnyugati r\u00e9sz\u00e9n, magasan Neukirchen v\u00e1rosa felett, a Trattenbachtalban, egy teljesen f\u00e9lrees\u0151 \u00e9s csendes helyen. A Wildkogel Ar\u00e9na a Kitzb\u00fcheli Alpok \u00e9s a Hohe Tauern Nemzeti Park k\u00f6z\u00f6tt tal\u00e1lhat\u00f3. A r\u00e9gi\u00f3 v\u00e1ltozatos t\u00far\u00e1kat, sz\u00e1mos leny\u0171g\u00f6z\u0151 cs\u00facsot \u00e9s a Wildkogel p\u00e1ratlan panor\u00e1m\u00e1j\u00e1t k\u00edn\u00e1lja! A szabadid\u0151s ker\u00e9kp\u00e1rosok \u00e9s hegyiker\u00e9kp\u00e1rosok itt meg\u00e9rik a p\u00e9nz\u00fcket.\u00a0<\/p>\n\n\n\n<p><strong>T\u00e1vols\u00e1gok<\/strong><\/p>\n\n\n\n<p>Neukirchen v\u00e1ros \u00fasz\u00f3medenc\u00e9vel, teniszez\u00e9ssel, ker\u00e9kp\u00e1rk\u00f6lcs\u00f6nz\u0151vel, f\u00fcrd\u0151t\u00f3 13 km-re. Horg\u00e1szati lehet\u0151s\u00e9g 3km. Sok t\u00fara- \u00e9s mountain bike-\u00f6sv\u00e9ny k\u00f6zvetlen\u00fcl a kunyh\u00f3b\u00f3l. A vil\u00e1gh\u00edr\u0171 Krimml-v\u00edzes\u00e9s 23 km-re tal\u00e1lhat\u00f3. A dolgok igaz\u00e1n izgalmass\u00e1 v\u00e1lnak a 20 km-es brambergi 4 km hossz\u00fa hegyi szek\u00e9rp\u00e1ly\u00e1n. Panoramabahn Kitzb\u00fchel 25 km-re. A sz\u00e1ll\u00e1sad\u00f3knak 9 km-re lejjebb van egy fogad\u00f3ja, ahol megk\u00f3stolhatja a biogazd\u00e1lkod\u00e1sb\u00f3l sz\u00e1rmaz\u00f3 helyi specialit\u00e1sokat!\u00a0<\/p>\n\n\n\n<p><strong>felszerel\u00e9s<\/strong><\/p>\n\n\n\n<p>Az alpesi kunyh\u00f3ban rusztikus nappali tal\u00e1lhat\u00f3 cser\u00e9pk\u00e1lyh\u00e1val, \u00fcl\u0151sarokkal \u00e9s m\u0171holdas TV-vel. Konyha \u00fcl\u0151sarokkal, fat\u0171zhellyel, s\u00fct\u0151vel, elektromos t\u0171zhellyel (2 lapos), k\u00e1v\u00e9f\u0151z\u0151vel. H\u0171v\u00f6s h\u00e1ztart\u00e1si helyis\u00e9g \u00e9lelmiszerek t\u00e1rol\u00e1s\u00e1ra h\u0171t\u0151vel \u00e9s fagyaszt\u00f3val. TE, WC. Emelet: 1 k\u00e9t\u00e1gyas szoba, 1 h\u00e1rom\u00e1gyas szoba, 1 \u00f6t\u00e1gyas szoba 4 \u00e1ggyal \u00e9s 1 gyerek\u00e1ggyal oldalt (hossza 150 cm). F\u0171t\u00e9s cser\u00e9pk\u00e1lyh\u00e1val. Mos\u00f3g\u00e9p rendelkez\u00e9sre \u00e1ll. Nagy sebess\u00e9g\u0171 WiFi el\u00e9rhet\u0151. A kunyh\u00f3 el\u0151tt egy beker\u00edtett kert tal\u00e1lhat\u00f3 pihen\u0151sarokkal, csod\u00e1latos kil\u00e1t\u00e1ssal, grillez\u0151vel. A kunyh\u00f3 mellett van egy \u00fcres ist\u00e1ll\u00f3.\u00a0<\/p>\n\n\n\n<p><strong>Helyi t\u00f6bbletk\u00f6lts\u00e9gek kisebb v\u00e1ltoztat\u00e1sok f\u00fcggv\u00e9ny\u00e9ben<\/strong><\/p>\n\n\n\n<p>Villany 0,40 \u20ac\/kwh, idegenforgalmi ad\u00f3 jelenleg 1,95 \u20ac\/f\u0151\/\u00e9j, marad\u00e9k hullad\u00e9k 12 \u20ac\/zs\u00e1k. \u00c1gynem\u0171 15 \u20ac\/szett \u00e1ron b\u00e9relhet\u0151. Befizet\u00e9s 300 \u20ac. H\u00e1zi\u00e1llat heti 40 \u20ac<\/p>","protected":false},"excerpt":{"rendered":"<p>Selbstversorgerh\u00fctte bis 10 Personen1 Doppel-, 1 Dreibett-, 1 F\u00fcnfbettzimmer1 DU, 1 WCWohnfl\u00e4che 100m\u00b2Seeh\u00f6he 1.955mMit PKW erreichbar1 Haustier erlaubt Lage Ganz im Westen des Salzburger Landes, hoch \u00fcber dem Ort Neukirchen, im Trattenbachtal, in absoluter Alleinlage und Ruhe. Die Wildkogel-Arena liegt zwischen den Kitzb\u00fcheler Alpen und dem Nationalpark Hohe Tauern. Die Region bietet abwechslungsreiche Wanderungen, viele [&hellip;]<\/p>","protected":false},"featured_media":8149,"menu_order":0,"comment_status":"open","ping_status":"closed","template":"","mphb_room_type_category":[145,155],"mphb_room_type_tag":[],"mphb_room_type_facility":[189,176,167,198,208,210,159,211,143,219,199,217,214,213,212,215,196,120],"class_list":["post-8168","mphb_room_type","type-mphb_room_type","status-publish","has-post-thumbnail","hentry","mphb_room_type_category-almhuette","mphb_room_type_category-salzburg","mphb_room_type_facility-1750m","mphb_room_type_facility-1-badezimmer","mphb_room_type_facility-3-schlafzimmer","mphb_room_type_facility-alleinlage","mphb_room_type_facility-familienurlaub","mphb_room_type_facility-gruppenurlaub","mphb_room_type_facility-haustiere-ok","mphb_room_type_facility-huettenfeiern","mphb_room_type_facility-mit-pkw-erreichbar","mphb_room_type_facility-mountainbiken","mphb_room_type_facility-sat-tv","mphb_room_type_facility-seminare-firmenevents","mphb_room_type_facility-sommerurlaub","mphb_room_type_facility-urlaub-fuer-allergiker","mphb_room_type_facility-urlaub-mit-hund","mphb_room_type_facility-wanderherbst","mphb_room_type_facility-waschmaschine","mphb_room_type_facility-wlan","mphb_ra_personen-7-10-personen","mphb-room-type-adults-1","mphb-room-type-children-0",""],"acf":{"export_an_mondial":true,"personen_fur_e-domizil":"10","hutid":"215","hutcode":"TRA-SBG","ort":"Neukirchen","plz":"5741","latitude":"47.293581","longitude":"12.181756"},"_links":{"self":[{"href":"https:\/\/www.bold-black.109-235-60-67.plesk.page\/hu\/wp-json\/wp\/v2\/mphb_room_type\/8168","targetHints":{"allow":["GET"]}}],"collection":[{"href":"https:\/\/www.bold-black.109-235-60-67.plesk.page\/hu\/wp-json\/wp\/v2\/mphb_room_type"}],"about":[{"href":"https:\/\/www.bold-black.109-235-60-67.plesk.page\/hu\/wp-json\/wp\/v2\/types\/mphb_room_type"}],"replies":[{"embeddable":true,"href":"https:\/\/www.bold-black.109-235-60-67.plesk.page\/hu\/wp-json\/wp\/v2\/comments?post=8168"}],"wp:featuredmedia":[{"embeddable":true,"href":"https:\/\/www.bold-black.109-235-60-67.plesk.page\/hu\/wp-json\/wp\/v2\/media\/8149"}],"wp:attachment":[{"href":"https:\/\/www.bold-black.109-235-60-67.plesk.page\/hu\/wp-json\/wp\/v2\/media?parent=8168"}],"wp:term":[{"taxonomy":"mphb_room_type_category","embeddable":true,"href":"https:\/\/www.bold-black.109-235-60-67.plesk.page\/hu\/wp-json\/wp\/v2\/mphb_room_type_category?post=8168"},{"taxonomy":"mphb_room_type_tag","embeddable":true,"href":"https:\/\/www.bold-black.109-235-60-67.plesk.page\/hu\/wp-json\/wp\/v2\/mphb_room_type_tag?post=8168"},{"taxonomy":"mphb_room_type_facility","embeddable":true,"href":"https:\/\/www.bold-black.109-235-60-67.plesk.page\/hu\/wp-json\/wp\/v2\/mphb_room_type_facility?post=8168"}],"curies":[{"name":"wp","href":"https:\/\/api.w.org\/{rel}","templated":true}]}}

<p><strong>Önellátó kabin 10 főig<br>1 kétágyas, 1 háromágyas, 1 ötágyas szoba<br>1 zuhanyzó, 1 WC<br>Lakóterület 100 m²<br>Magasság 1955 m<br>Autóval megközelíthető<br>1 kisállat megengedett</strong></p>



<p><a href="https://www.huettenpartner.com/service/huettenanfrage.html?t=1&amp;ncm-hp-token=TRA-SBG&amp;code=TRA-SBG&amp;cal_von=&amp;cal_bis="></a></p>



<p><strong>Pozíció</strong></p>



<p>A Salzburg-vidék legnyugati részén, magasan Neukirchen városa felett, a Trattenbachtalban, egy teljesen félreeső és csendes helyen. A Wildkogel Aréna a Kitzbüheli Alpok és a Hohe Tauern Nemzeti Park között található. A régió változatos túrákat, számos lenyűgöző csúcsot és a Wildkogel páratlan panorámáját kínálja! A szabadidős kerékpárosok és hegyikerékpárosok itt megérik a pénzüket. </p>



<p><strong>Távolságok</strong></p>



<p>Neukirchen város úszómedencével, teniszezéssel, kerékpárkölcsönzővel, fürdőtó 13 km-re. Horgászati lehetőség 3km. Sok túra- és mountain bike-ösvény közvetlenül a kunyhóból. A világhírű Krimml-vízesés 23 km-re található. A dolgok igazán izgalmassá válnak a 20 km-es brambergi 4 km hosszú hegyi szekérpályán. Panoramabahn Kitzbühel 25 km-re. A szállásadóknak 9 km-re lejjebb van egy fogadója, ahol megkóstolhatja a biogazdálkodásból származó helyi specialitásokat! </p>



<p><strong>felszerelés</strong></p>



<p>Az alpesi kunyhóban rusztikus nappali található cserépkályhával, ülősarokkal és műholdas TV-vel. Konyha ülősarokkal, fatűzhellyel, sütővel, elektromos tűzhellyel (2 lapos), kávéfőzővel. Hűvös háztartási helyiség élelmiszerek tárolására hűtővel és fagyasztóval. TE, WC. Emelet: 1 kétágyas szoba, 1 háromágyas szoba, 1 ötágyas szoba 4 ággyal és 1 gyerekággyal oldalt (hossza 150 cm). Fűtés cserépkályhával. Mosógép rendelkezésre áll. Nagy sebességű WiFi elérhető. A kunyhó előtt egy bekerített kert található pihenősarokkal, csodálatos kilátással, grillezővel. A kunyhó mellett van egy üres istálló. </p>



<p><strong>Helyi többletköltségek kisebb változtatások függvényében</strong></p>



<p>Villany 0,40 €/kwh, idegenforgalmi adó jelenleg 1,95 €/fő/éj, maradék hulladék 12 €/zsák. Ágynemű 15 €/szett áron bérelhető. Befizetés 300 €. Háziállat heti 40 €</p>

<p>Selbstversorgerhütte bis 10 Personen1 Doppel-, 1 Dreibett-, 1 Fünfbettzimmer1 DU, 1 WCWohnfläche 100m²Seehöhe 1.955mMit PKW erreichbar1 Haustier erlaubt Lage Ganz im Westen des Salzburger Landes, hoch über dem Ort Neukirchen, im Trattenbachtal, in absoluter Alleinlage und Ruhe. Die Wildkogel-Arena liegt zwischen den Kitzbüheler Alpen und dem Nationalpark Hohe Tauern. Die Region bietet abwechslungsreiche Wanderungen, viele [&hellip;]</p>
