{"id":7955,"date":"2024-04-25T16:24:12","date_gmt":"2024-04-25T14:24:12","guid":{"rendered":"https:\/\/www.huettenpartner.eu\/?post_type=mphb_room_type&#038;p=7955"},"modified":"2024-12-05T15:15:09","modified_gmt":"2024-12-05T13:15:09","slug":"vog-sbg","status":"publish","type":"mphb_room_type","link":"https:\/\/www.bold-black.109-235-60-67.plesk.page\/hu\/accommodation\/vog-sbg\/","title":{"rendered":"VOG-SBG"},"content":{"rendered":"<p><strong>8 f\u0151s \u00f6nell\u00e1t\u00f3 kabin<br>1 szoba k\u00e9tszem\u00e9lyes \u00e1ggyal, 1 k\u00e9t\u00e1gyas szoba, 2 h\u00e1rom\u00e1gyas szoba<br>P\u00f3t\u00e1gy k\u00e9r\u00e9sre<br>Zuhanyz\u00f3, WC<br>Lak\u00f3ter\u00fclet 80 m\u00b2<br>Magass\u00e1g 860 m<br>H\u00e1zi\u00e1llat sz\u00edvesen<\/strong><\/p>\n\n\n\n<p><a href=\"https:\/\/www.huettenpartner.com\/service\/huettenanfrage.html?t=1&amp;ncm-hp-token=VOG-SBG&amp;code=VOG-SBG&amp;cal_von=&amp;cal_bis=\"><\/a><\/p>\n\n\n\n<p><strong>Poz\u00edci\u00f3<\/strong><\/p>\n\n\n\n<p>Am Waldrand, auf einer Sonnenterrasse liegt die H\u00fctte neben einer kleineren Almh\u00fctte (die nur im Sommer vermietet ist &#8222;KVO-SBG&#8220;). Im Winter (bei Schneelage) Zufahrt bis ca. 300m (Gep\u00e4cktransport durch H\u00fcttenbesitzer) &#8211; im Sommer direkt bis zur H\u00fctte (steiler Schotterweg).<\/p>\n\n\n\n<p><strong>T\u00e1vols\u00e1gok<\/strong><\/p>\n\n\n\n<p>St. Martin im Lammertal \u00fczletekkel, k\u00e1v\u00e9z\u00f3kkal, \u00e9ttermekkel 2 km-re. Seepark term\u00e9szetes \u00e9lm\u00e9nyf\u00fcrd\u0151 2km, teniszp\u00e1lya 1,5km, golfp\u00e1lya 15km. Salzburger Sportwelt s\u00edter\u00fclet 15 km, Dachstein-West 10 km, sz\u00e1nk\u00f3p\u00e1lya 4 km. Ny\u00e1ron az \u00fasz\u00f3medence \u00e9s a teniszp\u00e1lya 1,5 km-re, a golfp\u00e1lya pedig 15 km-re tal\u00e1lhat\u00f3. A r\u00e9gi\u00f3 sz\u00e1mtalan jelzett gyalogos \u00e9s ker\u00e9kp\u00e1ros \u00fatvonalat k\u00edn\u00e1l a kezelt alpesi legel\u0151kre!<\/p>\n\n\n\n<p><strong>felszerel\u00e9s<\/strong><\/p>\n\n\n\n<p>F\u00f6ldszint: A kabinban van egy konyhasarok fat\u0171zhellyel, s\u00fct\u0151vel, villanyt\u0171zhellyel (2 lapos), h\u0171t\u0151szekr\u00e9nnyel \u00e9s k\u00e1v\u00e9f\u0151z\u0151vel. \u00dcl\u0151sarok, \u00e1tj\u00e1r\u00e1s egy hangulatos szalonba kanap\u00e9sarokkal, kandall\u00f3val. Mellette 1 k\u00e9t\u00e1gyas szoba, 1 kis k\u00e9t\u00e1gyas szoba, zuhanykabin, WC. L\u00e9pcs\u0151h\u00e1z az emeletre, ahol a tet\u0151t\u00e9r alatt 2 db h\u00e1rom\u00e1gyas szoba tal\u00e1lhat\u00f3. F\u0171t\u00e9se k\u00e9nyelmes pellet k\u00e1lyh\u00e1val vagy elektromos. WiFi el\u00e9rhet\u0151. A kunyh\u00f3 el\u0151tt egy nagy terasz tal\u00e1lhat\u00f3 grillez\u0151vel \u00e9s napoz\u00f3\u00e1gyakkal.<\/p>\n\n\n\n<p><strong>Helyi t\u00f6bbletk\u00f6lts\u00e9gek kisebb v\u00e1ltoztat\u00e1sok f\u00fcggv\u00e9ny\u00e9ben<\/strong><\/p>\n\n\n\n<p>Villany 0,35 \u20ac\/kwh, szem\u00e9t 6 \u20ac\/zs\u00e1k, fa 10 \u20ac\/doboz, idegenforgalmi ad\u00f3 jelenleg 2 \u20ac\/f\u0151\/\u00e9j, v\u00e9gtakar\u00edt\u00e1s 70 \u20ac, h\u00e1zi\u00e1llat 60 \u20ac\/tart\u00f3zkod\u00e1s, pellet 10 \u20ac\/15kg zs\u00e1kot, \u00e1gyat hozzon \u00e1gynem\u0171 \u00e9s t\u00f6r\u00f6lk\u00f6z\u0151.<\/p>","protected":false},"excerpt":{"rendered":"<p>Selbstversorgerh\u00fctte f\u00fcr 8 Personen1 Doppelzimmer, 1 Zweibett, 2 DreibettzimmerZusatzbett auf AnfrageDusche, WCWohnfl\u00e4che 80m\u00b2Seeh\u00f6he 860mHaustiere willkommen Lage Am Waldrand, auf einer Sonnenterrasse liegt die H\u00fctte neben einer kleineren Almh\u00fctte (die nur im Sommer vermietet ist &#8222;KVO-SBG&#8220;). Im Winter (bei Schneelage) Zufahrt bis ca. 300m (Gep\u00e4cktransport durch H\u00fcttenbesitzer) &#8211; im Sommer direkt bis zur H\u00fctte (steiler Schotterweg). [&hellip;]<\/p>","protected":false},"featured_media":7952,"menu_order":0,"comment_status":"open","ping_status":"closed","template":"","mphb_room_type_category":[145,155],"mphb_room_type_tag":[],"mphb_room_type_facility":[185,176,168,163,208,210,159,211,219,217,214,212,215,216,120],"class_list":["post-7955","mphb_room_type","type-mphb_room_type","status-publish","has-post-thumbnail","hentry","mphb_room_type_category-almhuette","mphb_room_type_category-salzburg","mphb_room_type_facility-750m","mphb_room_type_facility-1-badezimmer","mphb_room_type_facility-4-schlafzimmer","mphb_room_type_facility-erreichbar-im-sommer","mphb_room_type_facility-familienurlaub","mphb_room_type_facility-gruppenurlaub","mphb_room_type_facility-haustiere-ok","mphb_room_type_facility-huettenfeiern","mphb_room_type_facility-mountainbiken","mphb_room_type_facility-seminare-firmenevents","mphb_room_type_facility-sommerurlaub","mphb_room_type_facility-urlaub-mit-hund","mphb_room_type_facility-wanderherbst","mphb_room_type_facility-winterurlaub","mphb_room_type_facility-wlan","mphb_ra_personen-7-10-personen","mphb-room-type-adults-1","mphb-room-type-children-0",""],"acf":{"export_an_mondial":true,"personen_fur_e-domizil":"8","hutid":"189","hutcode":"VOG-SBG","ort":"St. Martin","plz":"5522","latitude":"47.448588","longitude":"13.367859"},"_links":{"self":[{"href":"https:\/\/www.bold-black.109-235-60-67.plesk.page\/hu\/wp-json\/wp\/v2\/mphb_room_type\/7955","targetHints":{"allow":["GET"]}}],"collection":[{"href":"https:\/\/www.bold-black.109-235-60-67.plesk.page\/hu\/wp-json\/wp\/v2\/mphb_room_type"}],"about":[{"href":"https:\/\/www.bold-black.109-235-60-67.plesk.page\/hu\/wp-json\/wp\/v2\/types\/mphb_room_type"}],"replies":[{"embeddable":true,"href":"https:\/\/www.bold-black.109-235-60-67.plesk.page\/hu\/wp-json\/wp\/v2\/comments?post=7955"}],"wp:featuredmedia":[{"embeddable":true,"href":"https:\/\/www.bold-black.109-235-60-67.plesk.page\/hu\/wp-json\/wp\/v2\/media\/7952"}],"wp:attachment":[{"href":"https:\/\/www.bold-black.109-235-60-67.plesk.page\/hu\/wp-json\/wp\/v2\/media?parent=7955"}],"wp:term":[{"taxonomy":"mphb_room_type_category","embeddable":true,"href":"https:\/\/www.bold-black.109-235-60-67.plesk.page\/hu\/wp-json\/wp\/v2\/mphb_room_type_category?post=7955"},{"taxonomy":"mphb_room_type_tag","embeddable":true,"href":"https:\/\/www.bold-black.109-235-60-67.plesk.page\/hu\/wp-json\/wp\/v2\/mphb_room_type_tag?post=7955"},{"taxonomy":"mphb_room_type_facility","embeddable":true,"href":"https:\/\/www.bold-black.109-235-60-67.plesk.page\/hu\/wp-json\/wp\/v2\/mphb_room_type_facility?post=7955"}],"curies":[{"name":"wp","href":"https:\/\/api.w.org\/{rel}","templated":true}]}}

<p><strong>8 fős önellátó kabin<br>1 szoba kétszemélyes ággyal, 1 kétágyas szoba, 2 háromágyas szoba<br>Pótágy kérésre<br>Zuhanyzó, WC<br>Lakóterület 80 m²<br>Magasság 860 m<br>Háziállat szívesen</strong></p>



<p><a href="https://www.huettenpartner.com/service/huettenanfrage.html?t=1&amp;ncm-hp-token=VOG-SBG&amp;code=VOG-SBG&amp;cal_von=&amp;cal_bis="></a></p>



<p><strong>Pozíció</strong></p>



<p>Am Waldrand, auf einer Sonnenterrasse liegt die Hütte neben einer kleineren Almhütte (die nur im Sommer vermietet ist &#8222;KVO-SBG&#8220;). Im Winter (bei Schneelage) Zufahrt bis ca. 300m (Gepäcktransport durch Hüttenbesitzer) &#8211; im Sommer direkt bis zur Hütte (steiler Schotterweg).</p>



<p><strong>Távolságok</strong></p>



<p>St. Martin im Lammertal üzletekkel, kávézókkal, éttermekkel 2 km-re. Seepark természetes élményfürdő 2km, teniszpálya 1,5km, golfpálya 15km. Salzburger Sportwelt síterület 15 km, Dachstein-West 10 km, szánkópálya 4 km. Nyáron az úszómedence és a teniszpálya 1,5 km-re, a golfpálya pedig 15 km-re található. A régió számtalan jelzett gyalogos és kerékpáros útvonalat kínál a kezelt alpesi legelőkre!</p>



<p><strong>felszerelés</strong></p>



<p>Földszint: A kabinban van egy konyhasarok fatűzhellyel, sütővel, villanytűzhellyel (2 lapos), hűtőszekrénnyel és kávéfőzővel. Ülősarok, átjárás egy hangulatos szalonba kanapésarokkal, kandallóval. Mellette 1 kétágyas szoba, 1 kis kétágyas szoba, zuhanykabin, WC. Lépcsőház az emeletre, ahol a tetőtér alatt 2 db háromágyas szoba található. Fűtése kényelmes pellet kályhával vagy elektromos. WiFi elérhető. A kunyhó előtt egy nagy terasz található grillezővel és napozóágyakkal.</p>



<p><strong>Helyi többletköltségek kisebb változtatások függvényében</strong></p>



<p>Villany 0,35 €/kwh, szemét 6 €/zsák, fa 10 €/doboz, idegenforgalmi adó jelenleg 2 €/fő/éj, végtakarítás 70 €, háziállat 60 €/tartózkodás, pellet 10 €/15kg zsákot, ágyat hozzon ágynemű és törölköző.</p>

<p>Selbstversorgerhütte für 8 Personen1 Doppelzimmer, 1 Zweibett, 2 DreibettzimmerZusatzbett auf AnfrageDusche, WCWohnfläche 80m²Seehöhe 860mHaustiere willkommen Lage Am Waldrand, auf einer Sonnenterrasse liegt die Hütte neben einer kleineren Almhütte (die nur im Sommer vermietet ist &#8222;KVO-SBG&#8220;). Im Winter (bei Schneelage) Zufahrt bis ca. 300m (Gepäcktransport durch Hüttenbesitzer) &#8211; im Sommer direkt bis zur Hütte (steiler Schotterweg). [&hellip;]</p>
