{"id":6377,"date":"2024-04-24T15:03:56","date_gmt":"2024-04-24T13:03:56","guid":{"rendered":"https:\/\/www.huettenpartner.eu\/?post_type=mphb_room_type&#038;p=6377"},"modified":"2024-12-05T15:14:58","modified_gmt":"2024-12-05T13:14:58","slug":"rau-sbg","status":"publish","type":"mphb_room_type","link":"https:\/\/www.bold-black.109-235-60-67.plesk.page\/hu\/accommodation\/rau-sbg\/","title":{"rendered":"RAU-SBG"},"content":{"rendered":"<p><strong>\u00d6nell\u00e1t\u00f3 kabin maximum 6 f\u0151 r\u00e9sz\u00e9re<br>1 h\u00e1l\u00f3szoba<br>1 mell\u00e9k\u00e9p\u00fclet, napelemes zuhanyz\u00f3<br>Lak\u00f3ter\u00fclet 50 m\u00b2<br>Magass\u00e1g 1040 m<br>3 halast\u00f3<br>aut\u00f3val megk\u00f6zel\u00edthet\u0151<br>H\u00e1zi\u00e1llat sz\u00edvesen<\/strong><\/p>\n\n\n\n<p><a href=\"https:\/\/www.huettenpartner.com\/service\/huettenanfrage.html?t=1&amp;ncm-hp-token=RAU-SBG&amp;code=RAU-SBG&amp;cal_von=&amp;cal_bis=\"><\/a><\/p>\n\n\n\n<p><strong>Poz\u00edci\u00f3<\/strong><\/p>\n\n\n\n<p>Az alpesi kunyh\u00f3 a Rauriser-v\u00f6lgyben tal\u00e1lhat\u00f3, Bucheben k\u00fclv\u00e1ros\u00e1ban. Csendes, f\u00e9lrees\u0151 helyen egy nagy ingatlan k\u00f6zep\u00e9n, 3 t\u00f3val, melyek k\u00f6z\u00fcl 2 halas. A szam\u00e1r, egy l\u00f3 \u00e9s a mi \u00f6szv\u00e9r\u00fcnk legel\u00e9szik a telken. Kavicsos \u00faton megk\u00f6zel\u00edthet\u0151 a kunyh\u00f3.<\/p>\n\n\n\n<p><strong>T\u00e1vols\u00e1gok<\/strong><\/p>\n\n\n\n<p>A kunyh\u00f3t\u00f3l 750 m-re tal\u00e1lhat\u00f3 egy kis bolt b\u00e1rral (paraszti keny\u00e9r, zsemle, kolb\u00e1sz, sajt, tejterm\u00e9kek, v\u00f6lgyi tanyasi term\u00e9kek, kis meleg \u00e9telek, k\u00e1v\u00e9, s\u00fctem\u00e9nyek stb.), lovarda 750 m. K\u00f6zvetlen\u00fcl a kunyh\u00f3 mellett 50 m-re halad a ker\u00e9kp\u00e1r\u00fat. A ter\u00fclet egyszer\u0171en ide\u00e1lis minden neh\u00e9zs\u00e9gi fok\u00fa t\u00far\u00e1khoz a Hohe Tauern Nemzeti Park sz\u00e1mos menedzselt kunyh\u00f3j\u00e1hoz.<\/p>\n\n\n\n<p><strong>felszerel\u00e9s<\/strong><\/p>\n\n\n\n<p>A f\u00f6ldszinten tal\u00e1lhat\u00f3 a kunyh\u00f3ban nappali pihen\u0151sarokkal, konyhasarok fat\u0171zhellyel \u00e9s s\u00fct\u0151vel, mosogat\u00e1s (hideg v\u00edz), \u00e9t- \u00e9s f\u0151z\u0151ed\u00e9nyek, valamint kemping g\u00e1zt\u0171zhely. A k\u00e1lyha a kunyh\u00f3 f\u0171t\u00e9s\u00e9re \u00e9s a v\u00edz meleg\u00edt\u00e9s\u00e9re szolg\u00e1l. A fels\u0151 szinten tal\u00e1lhat\u00f3 a h\u00e1l\u00f3szoba 3 francia\u00e1ggyal. A vil\u00e1g\u00edt\u00e1shoz 24 V-os napelem \u00e1ll rendelkez\u00e9sre. T\u00f6lt\u00e9si lehet\u0151s\u00e9g mobiltelefonokhoz (12 volt). K\u00fcls\u0151 a kertben. A kunyh\u00f3 el\u0151tt van egy nagy kert, \u00fcl\u0151garnit\u00far\u00e1k, szabadt\u00e9ri napkollektoros kerti zuhanyz\u00f3 (meleg v\u00edz, ha s\u00fct a nap) \u00e9s grill (k\u00e9rj\u00fck, hozzon mag\u00e1val szenet). Horg\u00e1szbot kaphat\u00f3.\u00a0<\/p>\n\n\n\n<p><strong>Helyi t\u00f6bbletk\u00f6lts\u00e9gek kisebb v\u00e1ltoztat\u00e1sok f\u00fcggv\u00e9ny\u00e9ben<\/strong><\/p>\n\n\n\n<p>Idegenforgalmi ad\u00f3 jelenleg 2 \u20ac\/f\u0151\/\u00e9j, fa 35 \u20ac\/h\u00e9t. V\u00e9gs\u0151 takar\u00edt\u00e1s \u20ac 35,-. \u00c1gynem\u0171 b\u00e9relhet\u0151 7 \u20ac\/db, hal 3 \u20ac\/db. T\u00e1rgysz\u00e1m: 50617-000699-2020\u00a0<\/p>\n\n\n\n<p><strong>K\u00fcl\u00f6nf\u00e9le:<\/strong><\/p>\n\n\n\n<p>T\u00e1rgysz\u00e1m: 50617-000699-2020&nbsp;<\/p>","protected":false},"excerpt":{"rendered":"<p>Selbstversorgerh\u00fctte bis 6 Personen1 Schlafzimmer1 Plumpsklo, SolarduscheWohnfl\u00e4che 50m\u00b2Seeh\u00f6he 1.040m3 Fischteichemit PKW erreichbarHaustiere willkommen Lage Die Almh\u00fctte liegt im Rauriser Tal, am Ortsrand von Bucheben. Ruhige Alleinlage, inmitten eines gro\u00dfen Grundst\u00fcckes mit 3 Teichen, davon sind in 2 Fische. Am Grundst\u00fcck grasen der Esel, ein Pferd und unser Muli. Zufahrt \u00fcber Schotterweg bis zur H\u00fctte. Entfernungen [&hellip;]<\/p>","protected":false},"featured_media":6355,"menu_order":0,"comment_status":"open","ping_status":"closed","template":"","mphb_room_type_category":[145,155],"mphb_room_type_tag":[],"mphb_room_type_facility":[187,165,208,191,210,159,211,143,219,209,214,212,215],"class_list":["post-6377","mphb_room_type","type-mphb_room_type","status-publish","has-post-thumbnail","hentry","mphb_room_type_category-almhuette","mphb_room_type_category-salzburg","mphb_room_type_facility-1000m","mphb_room_type_facility-1-schlafzimmer","mphb_room_type_facility-familienurlaub","mphb_room_type_facility-fischteich-angeln","mphb_room_type_facility-gruppenurlaub","mphb_room_type_facility-haustiere-ok","mphb_room_type_facility-huettenfeiern","mphb_room_type_facility-mit-pkw-erreichbar","mphb_room_type_facility-mountainbiken","mphb_room_type_facility-romantikurlaub","mphb_room_type_facility-sommerurlaub","mphb_room_type_facility-urlaub-mit-hund","mphb_room_type_facility-wanderherbst","mphb_ra_personen-1-6-personen","mphb-room-type-adults-1","mphb-room-type-children-0",""],"acf":{"export_an_mondial":true,"personen_fur_e-domizil":"6","hutid":"291","hutcode":"RAU-SBG","ort":"Rauris","plz":"5653","latitude":"47.154605","longitude":"12.967233"},"_links":{"self":[{"href":"https:\/\/www.bold-black.109-235-60-67.plesk.page\/hu\/wp-json\/wp\/v2\/mphb_room_type\/6377","targetHints":{"allow":["GET"]}}],"collection":[{"href":"https:\/\/www.bold-black.109-235-60-67.plesk.page\/hu\/wp-json\/wp\/v2\/mphb_room_type"}],"about":[{"href":"https:\/\/www.bold-black.109-235-60-67.plesk.page\/hu\/wp-json\/wp\/v2\/types\/mphb_room_type"}],"replies":[{"embeddable":true,"href":"https:\/\/www.bold-black.109-235-60-67.plesk.page\/hu\/wp-json\/wp\/v2\/comments?post=6377"}],"wp:featuredmedia":[{"embeddable":true,"href":"https:\/\/www.bold-black.109-235-60-67.plesk.page\/hu\/wp-json\/wp\/v2\/media\/6355"}],"wp:attachment":[{"href":"https:\/\/www.bold-black.109-235-60-67.plesk.page\/hu\/wp-json\/wp\/v2\/media?parent=6377"}],"wp:term":[{"taxonomy":"mphb_room_type_category","embeddable":true,"href":"https:\/\/www.bold-black.109-235-60-67.plesk.page\/hu\/wp-json\/wp\/v2\/mphb_room_type_category?post=6377"},{"taxonomy":"mphb_room_type_tag","embeddable":true,"href":"https:\/\/www.bold-black.109-235-60-67.plesk.page\/hu\/wp-json\/wp\/v2\/mphb_room_type_tag?post=6377"},{"taxonomy":"mphb_room_type_facility","embeddable":true,"href":"https:\/\/www.bold-black.109-235-60-67.plesk.page\/hu\/wp-json\/wp\/v2\/mphb_room_type_facility?post=6377"}],"curies":[{"name":"wp","href":"https:\/\/api.w.org\/{rel}","templated":true}]}}

<p><strong>Önellátó kabin maximum 6 fő részére<br>1 hálószoba<br>1 melléképület, napelemes zuhanyzó<br>Lakóterület 50 m²<br>Magasság 1040 m<br>3 halastó<br>autóval megközelíthető<br>Háziállat szívesen</strong></p>



<p><a href="https://www.huettenpartner.com/service/huettenanfrage.html?t=1&amp;ncm-hp-token=RAU-SBG&amp;code=RAU-SBG&amp;cal_von=&amp;cal_bis="></a></p>



<p><strong>Pozíció</strong></p>



<p>Az alpesi kunyhó a Rauriser-völgyben található, Bucheben külvárosában. Csendes, félreeső helyen egy nagy ingatlan közepén, 3 tóval, melyek közül 2 halas. A szamár, egy ló és a mi öszvérünk legelészik a telken. Kavicsos úton megközelíthető a kunyhó.</p>



<p><strong>Távolságok</strong></p>



<p>A kunyhótól 750 m-re található egy kis bolt bárral (paraszti kenyér, zsemle, kolbász, sajt, tejtermékek, völgyi tanyasi termékek, kis meleg ételek, kávé, sütemények stb.), lovarda 750 m. Közvetlenül a kunyhó mellett 50 m-re halad a kerékpárút. A terület egyszerűen ideális minden nehézségi fokú túrákhoz a Hohe Tauern Nemzeti Park számos menedzselt kunyhójához.</p>



<p><strong>felszerelés</strong></p>



<p>A földszinten található a kunyhóban nappali pihenősarokkal, konyhasarok fatűzhellyel és sütővel, mosogatás (hideg víz), ét- és főzőedények, valamint kemping gáztűzhely. A kályha a kunyhó fűtésére és a víz melegítésére szolgál. A felső szinten található a hálószoba 3 franciaággyal. A világításhoz 24 V-os napelem áll rendelkezésre. Töltési lehetőség mobiltelefonokhoz (12 volt). Külső a kertben. A kunyhó előtt van egy nagy kert, ülőgarnitúrák, szabadtéri napkollektoros kerti zuhanyzó (meleg víz, ha süt a nap) és grill (kérjük, hozzon magával szenet). Horgászbot kapható. </p>



<p><strong>Helyi többletköltségek kisebb változtatások függvényében</strong></p>



<p>Idegenforgalmi adó jelenleg 2 €/fő/éj, fa 35 €/hét. Végső takarítás € 35,-. Ágynemű bérelhető 7 €/db, hal 3 €/db. Tárgyszám: 50617-000699-2020 </p>



<p><strong>Különféle:</strong></p>



<p>Tárgyszám: 50617-000699-2020&nbsp;</p>

<p>Selbstversorgerhütte bis 6 Personen1 Schlafzimmer1 Plumpsklo, SolarduscheWohnfläche 50m²Seehöhe 1.040m3 Fischteichemit PKW erreichbarHaustiere willkommen Lage Die Almhütte liegt im Rauriser Tal, am Ortsrand von Bucheben. Ruhige Alleinlage, inmitten eines großen Grundstückes mit 3 Teichen, davon sind in 2 Fische. Am Grundstück grasen der Esel, ein Pferd und unser Muli. Zufahrt über Schotterweg bis zur Hütte. Entfernungen [&hellip;]</p>
