{"id":6192,"date":"2024-04-24T13:54:34","date_gmt":"2024-04-24T11:54:34","guid":{"rendered":"https:\/\/www.huettenpartner.eu\/?post_type=mphb_room_type&#038;p=6192"},"modified":"2024-12-05T15:14:57","modified_gmt":"2024-12-05T13:14:57","slug":"gud-sbg","status":"publish","type":"mphb_room_type","link":"https:\/\/www.bold-black.109-235-60-67.plesk.page\/hu\/accommodation\/gud-sbg\/","title":{"rendered":"GUD-SBG"},"content":{"rendered":"<p><strong>\u00d6nell\u00e1t\u00f3 kabin 18 f\u0151ig<br>3 n\u00e9gy\u00e1gyas szoba, 1 hat\u00e1gyas szoba<br>Kis\u00e1gy k\u00e9r\u00e9sre<br>2 zuhanyz\u00f3, 3 wc, szauna<br>Lak\u00f3ter\u00fclet 280 m\u00b2<br>Magass\u00e1g 1732 m<br>Aut\u00f3val megk\u00f6zel\u00edthet\u0151<br>1 kis\u00e1llat megengedett&nbsp;<\/strong><\/p>\n\n\n\n<p><a href=\"https:\/\/www.huettenpartner.com\/service\/huettenanfrage.html?t=1&amp;ncm-hp-token=GUD-SBG&amp;code=GUD-SBG&amp;cal_von=&amp;cal_bis=\"><\/a><\/p>\n\n\n\n<p><\/p>\n\n\n\n<p><strong>Poz\u00edci\u00f3<\/strong><\/p>\n\n\n\n<p>Magasan Neukirchen v\u00e1rosa felett, a Trattenbachtalban, teljesen f\u00e9lrees\u0151 \u00e9s csendes helyen, a t\u00fara- \u00e9s alpesi legel\u0151k k\u00f6zep\u00e9n. A Trattenbachtal a Salzachtalon kereszt\u00fcl \u00e9rhet\u0151 el. Neukirchenben \u00e9szak fel\u00e9 vezet, \u00e9s eljut a Kitzb\u00fcheli Alpokhoz. A gy\u00f6ny\u00f6r\u0171 alpesi legel\u0151 itt ter\u00fcl el buja alpesi r\u00e9tek \u00e9s kis hegyi patakok k\u00f6z\u00f6tt.<\/p>\n\n\n\n<p><strong>T\u00e1vols\u00e1gok<\/strong><\/p>\n\n\n\n<p>Ort Neukirchen mit Schwimmbad, Tennis, Radverleih, Badesee 11km. Angelm\u00f6glichkeit 1km. Viele Wander- und Mountainbikewege direkt ab H\u00fctte. Krimmler Wasserf\u00e4lle 20km, Zillertalarena 25km, Panoramabahn Kitzb\u00fchel 23km. Durlassbodenstausee 25km. Ihr E-Bike kann man direkt an der H\u00fctte laden! Die H\u00fctte liegt im Privatgebiet und nur f\u00fcr Berechtigte ist eine Auffahrt mit PKW erlaubt &#8211; Sie als Mieter bekommen den Schrankenschl\u00fcssel, werden aber von Fremden nicht gest\u00f6rt!\u00a0<\/p>\n\n\n\n<p><strong>felszerel\u00e9s<\/strong><\/p>\n\n\n\n<p>Az alpesi kunyh\u00f3t kor\u00e1bban kezelt\u00e9k, \u00e9s most heti rendszeress\u00e9ggel 1 csoportnak adj\u00e1k ki. A f\u00f6ldszinten tal\u00e1lhat\u00f3 a nagy, hangulatos \u00e9tkez\u0151, ahol a hangulatos cser\u00e9pk\u00e1lyha k\u00f6r\u00fcl b\u0151ven van hely. A konyha t\u00f6k\u00e9letesen felszerelt h\u0171t\u0151szekr\u00e9nnyel, \u00fcvegmos\u00f3val, elektromos t\u0171zhellyel, s\u00fct\u0151vel, mikrohull\u00e1m\u00fa s\u00fct\u0151vel, k\u00e1v\u00e9f\u0151z\u0151vel. H\u00e1ztart\u00e1si helyis\u00e9g fagyaszt\u00f3val, mos\u00f3g\u00e9ppel, hely a ker\u00e9kp\u00e1roknak. 1 zuhanyz\u00f3, 1 WC. Els\u0151 emelet: 2 n\u00e9gy\u00e1gyas szoba, mindegyikben egy francia\u00e1ggyal \u00e9s egy emeletes \u00e1ggyal, 1 szoba francia\u00e1ggyal \u00e9s 2 emeletes \u00e1ggyal, 1 szoba francia\u00e1ggyal, emeletes \u00e1ggyal, zuhanyz\u00f3val \u00e9s mosd\u00f3val. 1 WC, mosd\u00f3. A kunyh\u00f3 el\u0151tt napos terasz, \u00fcl\u0151garnit\u00fara, grillez\u0151, nagy kert tal\u00e1lhat\u00f3 sz\u00f6k\u0151k\u00fattal \u00e9s nyug\u00e1gyakkal. A kerti kunyh\u00f3ban saj\u00e1t feny\u0151 szaun\u00e1ja van! Van m\u00e9g egy 16 amperes konnektor elektromos aut\u00f3k t\u00f6lt\u00e9s\u00e9re \u00e9s e-bicikli konnektorok (t\u00f6lt\u00e9s m\u00e9r\u0151vel 0,40\/kwh a kunyh\u00f3 m\u00f6g\u00f6tt van egy elker\u00edtett wc \u00e9s 1 db italautomata is, ha elmennek mellette a szomjas kir\u00e1ndul\u00f3k). itt. F\u0171t\u00e9s olajradi\u00e1torokkal. SAT TV, nagy sebess\u00e9g\u0171 wifi el\u00e9rhet\u0151. A kunyh\u00f3 mellett van egy \u00fcres ist\u00e1ll\u00f3. A kunyh\u00f3ban fenntarthat\u00f3 v\u00edzenergi\u00e1r\u00f3l van \u00e1ram! K\u00e9rem, ne buli vend\u00e9gei legyenek.<\/p>\n\n\n\n<p><strong>Helyi t\u00f6bbletk\u00f6lts\u00e9gek kisebb v\u00e1ltoztat\u00e1sok f\u00fcggv\u00e9ny\u00e9ben<\/strong><\/p>\n\n\n\n<p>Villany \u00e1tal\u00e1ny 10 f\u0151s kunyh\u00f3kra 39 \u20ac\/\u00e9j, egy\u00e9bk\u00e9nt 4 \u20ac\/f\u0151\/\u00e9j, szaunakunyh\u00f3 t\u00f6lt\u0151\u00e1llom\u00e1sokkal 0,40 \u20ac\/kwh, idegenforgalmi ad\u00f3 jelenleg 1,95 \u20ac\/f\u0151\/\u00e9j, marad\u00e9k hullad\u00e9k 12 \u20ac\/zs\u00e1k. \u00c1gynem\u0171 15 \u20ac\/szett \u00e1ron b\u00e9relhet\u0151. Befizet\u00e9s 500 \u20ac. H\u00e1zi\u00e1llat 40 \u20ac\/h\u00e9t.<\/p>","protected":false},"excerpt":{"rendered":"<p>Selbstversorgerh\u00fctte bis 18 Personen3 Vierbett-, 1 SechsbettzimmerKinderbett auf Anfrage2 DU, 3 WC, SaunaWohnfl\u00e4che 280m\u00b2Seeh\u00f6he 1.732mMit PKW erreichbar1 Haustier erlaubt&nbsp; Lage Hoch \u00fcber dem Ort Neukirchen, im Trattenbachtal, in absoluter Alleinlage und Ruhe, mitten im Wander- und Almgebiet. Das Trattenbachtal erreicht man \u00fcber das Salzachtal. In Neukirchen f\u00e4hrt man Richtung Nord und kommt so in die [&hellip;]<\/p>","protected":false},"featured_media":6191,"menu_order":0,"comment_status":"open","ping_status":"closed","template":"","mphb_room_type_category":[145,155],"mphb_room_type_tag":[],"mphb_room_type_facility":[188,177,168,198,208,197,210,159,211,220,143,219,199,127,217,221,214,213,212,215,196,216,120],"class_list":["post-6192","mphb_room_type","type-mphb_room_type","status-publish","has-post-thumbnail","hentry","mphb_room_type_category-almhuette","mphb_room_type_category-salzburg","mphb_room_type_facility-1500m","mphb_room_type_facility-2-badezimmer","mphb_room_type_facility-4-schlafzimmer","mphb_room_type_facility-alleinlage","mphb_room_type_facility-familienurlaub","mphb_room_type_facility-geschirrspueler","mphb_room_type_facility-gruppenurlaub","mphb_room_type_facility-haustiere-ok","mphb_room_type_facility-huettenfeiern","mphb_room_type_facility-langlaufen","mphb_room_type_facility-mit-pkw-erreichbar","mphb_room_type_facility-mountainbiken","mphb_room_type_facility-sat-tv","mphb_room_type_facility-sauna-infrarot","mphb_room_type_facility-seminare-firmenevents","mphb_room_type_facility-skitouren","mphb_room_type_facility-sommerurlaub","mphb_room_type_facility-urlaub-fuer-allergiker","mphb_room_type_facility-urlaub-mit-hund","mphb_room_type_facility-wanderherbst","mphb_room_type_facility-waschmaschine","mphb_room_type_facility-winterurlaub","mphb_room_type_facility-wlan","mphb_ra_personen-17-20-personen","mphb-room-type-adults-1","mphb-room-type-children-0",""],"acf":{"export_an_mondial":true,"personen_fur_e-domizil":"18","hutid":"457","hutcode":"GUD-SBG","ort":"Neukirchen","plz":"","latitude":"47.294297","longitude":"12.204434"},"_links":{"self":[{"href":"https:\/\/www.bold-black.109-235-60-67.plesk.page\/hu\/wp-json\/wp\/v2\/mphb_room_type\/6192","targetHints":{"allow":["GET"]}}],"collection":[{"href":"https:\/\/www.bold-black.109-235-60-67.plesk.page\/hu\/wp-json\/wp\/v2\/mphb_room_type"}],"about":[{"href":"https:\/\/www.bold-black.109-235-60-67.plesk.page\/hu\/wp-json\/wp\/v2\/types\/mphb_room_type"}],"replies":[{"embeddable":true,"href":"https:\/\/www.bold-black.109-235-60-67.plesk.page\/hu\/wp-json\/wp\/v2\/comments?post=6192"}],"wp:featuredmedia":[{"embeddable":true,"href":"https:\/\/www.bold-black.109-235-60-67.plesk.page\/hu\/wp-json\/wp\/v2\/media\/6191"}],"wp:attachment":[{"href":"https:\/\/www.bold-black.109-235-60-67.plesk.page\/hu\/wp-json\/wp\/v2\/media?parent=6192"}],"wp:term":[{"taxonomy":"mphb_room_type_category","embeddable":true,"href":"https:\/\/www.bold-black.109-235-60-67.plesk.page\/hu\/wp-json\/wp\/v2\/mphb_room_type_category?post=6192"},{"taxonomy":"mphb_room_type_tag","embeddable":true,"href":"https:\/\/www.bold-black.109-235-60-67.plesk.page\/hu\/wp-json\/wp\/v2\/mphb_room_type_tag?post=6192"},{"taxonomy":"mphb_room_type_facility","embeddable":true,"href":"https:\/\/www.bold-black.109-235-60-67.plesk.page\/hu\/wp-json\/wp\/v2\/mphb_room_type_facility?post=6192"}],"curies":[{"name":"wp","href":"https:\/\/api.w.org\/{rel}","templated":true}]}}

<p><strong>Önellátó kabin 18 főig<br>3 négyágyas szoba, 1 hatágyas szoba<br>Kiságy kérésre<br>2 zuhanyzó, 3 wc, szauna<br>Lakóterület 280 m²<br>Magasság 1732 m<br>Autóval megközelíthető<br>1 kisállat megengedett&nbsp;</strong></p>



<p><a href="https://www.huettenpartner.com/service/huettenanfrage.html?t=1&amp;ncm-hp-token=GUD-SBG&amp;code=GUD-SBG&amp;cal_von=&amp;cal_bis="></a></p>



<p></p>



<p><strong>Pozíció</strong></p>



<p>Magasan Neukirchen városa felett, a Trattenbachtalban, teljesen félreeső és csendes helyen, a túra- és alpesi legelők közepén. A Trattenbachtal a Salzachtalon keresztül érhető el. Neukirchenben észak felé vezet, és eljut a Kitzbüheli Alpokhoz. A gyönyörű alpesi legelő itt terül el buja alpesi rétek és kis hegyi patakok között.</p>



<p><strong>Távolságok</strong></p>



<p>Ort Neukirchen mit Schwimmbad, Tennis, Radverleih, Badesee 11km. Angelmöglichkeit 1km. Viele Wander- und Mountainbikewege direkt ab Hütte. Krimmler Wasserfälle 20km, Zillertalarena 25km, Panoramabahn Kitzbühel 23km. Durlassbodenstausee 25km. Ihr E-Bike kann man direkt an der Hütte laden! Die Hütte liegt im Privatgebiet und nur für Berechtigte ist eine Auffahrt mit PKW erlaubt &#8211; Sie als Mieter bekommen den Schrankenschlüssel, werden aber von Fremden nicht gestört! </p>



<p><strong>felszerelés</strong></p>



<p>Az alpesi kunyhót korábban kezelték, és most heti rendszerességgel 1 csoportnak adják ki. A földszinten található a nagy, hangulatos étkező, ahol a hangulatos cserépkályha körül bőven van hely. A konyha tökéletesen felszerelt hűtőszekrénnyel, üvegmosóval, elektromos tűzhellyel, sütővel, mikrohullámú sütővel, kávéfőzővel. Háztartási helyiség fagyasztóval, mosógéppel, hely a kerékpároknak. 1 zuhanyzó, 1 WC. Első emelet: 2 négyágyas szoba, mindegyikben egy franciaággyal és egy emeletes ággyal, 1 szoba franciaággyal és 2 emeletes ággyal, 1 szoba franciaággyal, emeletes ággyal, zuhanyzóval és mosdóval. 1 WC, mosdó. A kunyhó előtt napos terasz, ülőgarnitúra, grillező, nagy kert található szökőkúttal és nyugágyakkal. A kerti kunyhóban saját fenyő szaunája van! Van még egy 16 amperes konnektor elektromos autók töltésére és e-bicikli konnektorok (töltés mérővel 0,40/kwh a kunyhó mögött van egy elkerített wc és 1 db italautomata is, ha elmennek mellette a szomjas kirándulók). itt. Fűtés olajradiátorokkal. SAT TV, nagy sebességű wifi elérhető. A kunyhó mellett van egy üres istálló. A kunyhóban fenntartható vízenergiáról van áram! Kérem, ne buli vendégei legyenek.</p>



<p><strong>Helyi többletköltségek kisebb változtatások függvényében</strong></p>



<p>Villany átalány 10 fős kunyhókra 39 €/éj, egyébként 4 €/fő/éj, szaunakunyhó töltőállomásokkal 0,40 €/kwh, idegenforgalmi adó jelenleg 1,95 €/fő/éj, maradék hulladék 12 €/zsák. Ágynemű 15 €/szett áron bérelhető. Befizetés 500 €. Háziállat 40 €/hét.</p>

<p>Selbstversorgerhütte bis 18 Personen3 Vierbett-, 1 SechsbettzimmerKinderbett auf Anfrage2 DU, 3 WC, SaunaWohnfläche 280m²Seehöhe 1.732mMit PKW erreichbar1 Haustier erlaubt&nbsp; Lage Hoch über dem Ort Neukirchen, im Trattenbachtal, in absoluter Alleinlage und Ruhe, mitten im Wander- und Almgebiet. Das Trattenbachtal erreicht man über das Salzachtal. In Neukirchen fährt man Richtung Nord und kommt so in die [&hellip;]</p>
