{"id":4751,"date":"2024-04-23T01:56:24","date_gmt":"2024-04-22T23:56:24","guid":{"rendered":"https:\/\/www.huettenpartner.eu\/?post_type=mphb_room_type&#038;p=4751"},"modified":"2024-12-05T15:14:49","modified_gmt":"2024-12-05T13:14:49","slug":"zwi-ooe","status":"publish","type":"mphb_room_type","link":"https:\/\/www.bold-black.109-235-60-67.plesk.page\/hu\/accommodation\/zwi-ooe\/","title":{"rendered":"ZWI-OOE"},"content":{"rendered":"<p><strong>\u00d6nell\u00e1t\u00f3 kabin 10 f\u0151ig<br>1 db k\u00e9t\u00e1gyas szoba, rakt\u00e1r<br>TE, WC<br>Lak\u00f3ter\u00fclet 70 m\u00b2<br>Magass\u00e1g 1408 m<br>A s\u00ed- \u00e9s t\u00farater\u00fclet k\u00f6zep\u00e9n<br>H\u00e1zi\u00e1llat sz\u00edvesen<\/strong><\/p>\n\n\n\n<p><a href=\"https:\/\/www.huettenpartner.com\/service\/huettenanfrage.html?t=1&amp;ncm-hp-token=ZWI-OOE&amp;code=ZWI-OOE&amp;cal_von=&amp;cal_bis=\"><\/a><\/p>\n\n\n\n<p><strong>Poz\u00edci\u00f3<\/strong><\/p>\n\n\n\n<p>A kunyh\u00f3 csendes, napos, gy\u00f6ny\u00f6r\u0171 alpesi t\u00e1jon, a Dachstein-West r\u00e9gi\u00f3 k\u00f6zep\u00e9n, a Zwieselalmon tal\u00e1lhat\u00f3. Ny\u00e1ron vagy aut\u00f3val fizet\u0151s \u00faton (7 km erdei \u00f6sv\u00e9nyen) \u00e9s 20 perces s\u00e9t\u00e1val vagy gondol\u00e1s lifttel 20 perces s\u00e9t\u00e1val \u00e9rhet\u0151 el. A poggy\u00e1szt h\u00e1tizs\u00e1kban kell vinni.\u00a0<\/p>\n\n\n\n<p><strong>T\u00e1vols\u00e1gok<\/strong><\/p>\n\n\n\n<p>Csod\u00e1latos t\u00far\u00e1k vagy mountain bike t\u00far\u00e1k a kunyh\u00f3b\u00f3l. A k\u00f6vetkez\u0151 v\u00e1ros Gosau 7 km. Moor t\u00f3 1km. Kiszolg\u00e1lt kunyh\u00f3 250m.<\/p>\n\n\n\n<p><strong>felszerel\u00e9s<\/strong><\/p>\n\n\n\n<p>A rusztikus kunyh\u00f3ban egy kunyh\u00f3s szoba \u00fcl\u0151sarokkal, valamint egy fat\u0171zhellyel \u00e9s s\u00fct\u0151vel felszerelt konyha tal\u00e1lhat\u00f3. Elektromos t\u0171zhely (2 lapos), v\u00edzforral\u00f3, k\u00e1v\u00e9f\u0151z\u0151 rendelkez\u00e9sre \u00e1ll. Kis h\u00e1l\u00f3szoba francia\u00e1ggyal (sz\u00e9less\u00e9ge 160 cm), a nappalib\u00f3l l\u00e9pcs\u0151h\u00e1z a tet\u0151t\u00e9rbe, ahol egy h\u00e1l\u00f3szoba tal\u00e1lhat\u00f3 8 f\u0151 r\u00e9sz\u00e9re. Oldalt meleg vizes zuhany (e-boiler) van, egy\u00e9bk\u00e9nt a kunyh\u00f3 el\u0151tti k\u00fatb\u00f3l lehet hozni a vizet. WC. A r\u00e9gi \u201eorvvad\u00e1sz b\u00fav\u00f3hely\u201d az alagsorban tal\u00e1lhat\u00f3. Ha nincs itt t\u00fal s\u00f6t\u00e9t, m\u00e9g szauna is van! Villany rendelkez\u00e9sre \u00e1ll. A kunyh\u00f3 el\u0151tt pihen\u0151sarok, kert tal\u00e1lhat\u00f3 grillez\u0151vel \u00e9s sz\u00f6k\u0151k\u00fattal. \u00c1gynem\u0171, t\u00f6r\u00f6lk\u00f6z\u0151 rendelkez\u00e9sre \u00e1ll.<\/p>\n\n\n\n<p><strong>Helyi t\u00f6bbletk\u00f6lts\u00e9gek kisebb v\u00e1ltoztat\u00e1sok f\u00fcggv\u00e9ny\u00e9ben<\/strong><\/p>\n\n\n\n<p>Idegenforgalmi ad\u00f3 jelenleg 2 \u20ac\/f\u0151\/\u00e9j, t\u00e1voz\u00e1s ut\u00e1ni takar\u00edt\u00e1s 70 \u20ac<\/p>","protected":false},"excerpt":{"rendered":"<p>Selbstversorgerh\u00fctte bis 10 Personen1 Doppelzimmer, LagerDU, WCWohnfl\u00e4che 70m\u00b2Seeh\u00f6he 1.408mMitten im Ski- und WandergebietHaustiere willkommen Lage Die H\u00fctte liegt in ruhiger, sonniger herrlicher Almlandschaft, mitten in der Region Dachstein-West, auf der Zwieselalm. Im Sommer entweder mit dem PKW \u00fcber eine Mautstra\u00dfe (7km Forstweg) und Fussweg 20min oder \u00fcber die Gondelbahn mit Fussweg 20min erreichbar. Gep\u00e4ck muss [&hellip;]<\/p>","protected":false},"featured_media":4738,"menu_order":0,"comment_status":"open","ping_status":"closed","template":"","mphb_room_type_category":[145,154],"mphb_room_type_tag":[],"mphb_room_type_facility":[186,176,166,163,208,210,159,211,127,126,212],"class_list":["post-4751","mphb_room_type","type-mphb_room_type","status-publish","has-post-thumbnail","hentry","mphb_room_type_category-almhuette","mphb_room_type_category-oberoesterreich","mphb_room_type_facility-1250m","mphb_room_type_facility-1-badezimmer","mphb_room_type_facility-2-schlafzimmer","mphb_room_type_facility-erreichbar-im-sommer","mphb_room_type_facility-familienurlaub","mphb_room_type_facility-gruppenurlaub","mphb_room_type_facility-haustiere-ok","mphb_room_type_facility-huettenfeiern","mphb_room_type_facility-sauna-infrarot","mphb_room_type_facility-skigebiet","mphb_room_type_facility-urlaub-mit-hund","mphb_ra_personen-11-16-personen","mphb-room-type-adults-1","mphb-room-type-children-0",""],"acf":{"export_an_mondial":true,"personen_fur_e-domizil":"10","hutid":"205","hutcode":"ZWI-OOE","ort":"Gosau","plz":"4824","latitude":"47.54795","longitude":"13.475294"},"_links":{"self":[{"href":"https:\/\/www.bold-black.109-235-60-67.plesk.page\/hu\/wp-json\/wp\/v2\/mphb_room_type\/4751","targetHints":{"allow":["GET"]}}],"collection":[{"href":"https:\/\/www.bold-black.109-235-60-67.plesk.page\/hu\/wp-json\/wp\/v2\/mphb_room_type"}],"about":[{"href":"https:\/\/www.bold-black.109-235-60-67.plesk.page\/hu\/wp-json\/wp\/v2\/types\/mphb_room_type"}],"replies":[{"embeddable":true,"href":"https:\/\/www.bold-black.109-235-60-67.plesk.page\/hu\/wp-json\/wp\/v2\/comments?post=4751"}],"wp:featuredmedia":[{"embeddable":true,"href":"https:\/\/www.bold-black.109-235-60-67.plesk.page\/hu\/wp-json\/wp\/v2\/media\/4738"}],"wp:attachment":[{"href":"https:\/\/www.bold-black.109-235-60-67.plesk.page\/hu\/wp-json\/wp\/v2\/media?parent=4751"}],"wp:term":[{"taxonomy":"mphb_room_type_category","embeddable":true,"href":"https:\/\/www.bold-black.109-235-60-67.plesk.page\/hu\/wp-json\/wp\/v2\/mphb_room_type_category?post=4751"},{"taxonomy":"mphb_room_type_tag","embeddable":true,"href":"https:\/\/www.bold-black.109-235-60-67.plesk.page\/hu\/wp-json\/wp\/v2\/mphb_room_type_tag?post=4751"},{"taxonomy":"mphb_room_type_facility","embeddable":true,"href":"https:\/\/www.bold-black.109-235-60-67.plesk.page\/hu\/wp-json\/wp\/v2\/mphb_room_type_facility?post=4751"}],"curies":[{"name":"wp","href":"https:\/\/api.w.org\/{rel}","templated":true}]}}

<p><strong>Önellátó kabin 10 főig<br>1 db kétágyas szoba, raktár<br>TE, WC<br>Lakóterület 70 m²<br>Magasság 1408 m<br>A sí- és túraterület közepén<br>Háziállat szívesen</strong></p>



<p><a href="https://www.huettenpartner.com/service/huettenanfrage.html?t=1&amp;ncm-hp-token=ZWI-OOE&amp;code=ZWI-OOE&amp;cal_von=&amp;cal_bis="></a></p>



<p><strong>Pozíció</strong></p>



<p>A kunyhó csendes, napos, gyönyörű alpesi tájon, a Dachstein-West régió közepén, a Zwieselalmon található. Nyáron vagy autóval fizetős úton (7 km erdei ösvényen) és 20 perces sétával vagy gondolás lifttel 20 perces sétával érhető el. A poggyászt hátizsákban kell vinni. </p>



<p><strong>Távolságok</strong></p>



<p>Csodálatos túrák vagy mountain bike túrák a kunyhóból. A következő város Gosau 7 km. Moor tó 1km. Kiszolgált kunyhó 250m.</p>



<p><strong>felszerelés</strong></p>



<p>A rusztikus kunyhóban egy kunyhós szoba ülősarokkal, valamint egy fatűzhellyel és sütővel felszerelt konyha található. Elektromos tűzhely (2 lapos), vízforraló, kávéfőző rendelkezésre áll. Kis hálószoba franciaággyal (szélessége 160 cm), a nappaliból lépcsőház a tetőtérbe, ahol egy hálószoba található 8 fő részére. Oldalt meleg vizes zuhany (e-boiler) van, egyébként a kunyhó előtti kútból lehet hozni a vizet. WC. A régi „orvvadász búvóhely” az alagsorban található. Ha nincs itt túl sötét, még szauna is van! Villany rendelkezésre áll. A kunyhó előtt pihenősarok, kert található grillezővel és szökőkúttal. Ágynemű, törölköző rendelkezésre áll.</p>



<p><strong>Helyi többletköltségek kisebb változtatások függvényében</strong></p>



<p>Idegenforgalmi adó jelenleg 2 €/fő/éj, távozás utáni takarítás 70 €</p>

<p>Selbstversorgerhütte bis 10 Personen1 Doppelzimmer, LagerDU, WCWohnfläche 70m²Seehöhe 1.408mMitten im Ski- und WandergebietHaustiere willkommen Lage Die Hütte liegt in ruhiger, sonniger herrlicher Almlandschaft, mitten in der Region Dachstein-West, auf der Zwieselalm. Im Sommer entweder mit dem PKW über eine Mautstraße (7km Forstweg) und Fussweg 20min oder über die Gondelbahn mit Fussweg 20min erreichbar. Gepäck muss [&hellip;]</p>
