{"id":5000,"date":"2024-04-23T13:19:50","date_gmt":"2024-04-23T11:19:50","guid":{"rendered":"https:\/\/www.huettenpartner.eu\/?page_id=5000"},"modified":"2024-04-24T15:39:18","modified_gmt":"2024-04-24T13:39:18","slug":"kontakt","status":"publish","type":"page","link":"https:\/\/www.bold-black.109-235-60-67.plesk.page\/cs\/service\/kontakt\/","title":{"rendered":"Kontakt"},"content":{"rendered":"<div data-elementor-type=\"wp-page\" data-elementor-id=\"5000\" class=\"elementor elementor-5000\">\n\t\t\t\t<div class=\"elementor-element elementor-element-0b37e2c e-flex e-con-boxed e-con e-parent\" data-id=\"0b37e2c\" data-element_type=\"container\">\n\t\t\t\t\t<div class=\"e-con-inner\">\n\t\t\t\t<div class=\"elementor-element elementor-element-32e0530 elementor-widget elementor-widget-heading\" data-id=\"32e0530\" data-element_type=\"widget\" data-widget_type=\"heading.default\">\n\t\t\t\t<div class=\"elementor-widget-container\">\n\t\t\t\t\t<h2 class=\"elementor-heading-title elementor-size-default\">Kontaktformular \u2013 H\u00fcttenpartner<\/h2>\t\t\t\t<\/div>\n\t\t\t\t<\/div>\n\t\t\t\t<div class=\"elementor-element elementor-element-f06cfcf elementor-widget elementor-widget-heading\" data-id=\"f06cfcf\" data-element_type=\"widget\" data-widget_type=\"heading.default\">\n\t\t\t\t<div class=\"elementor-widget-container\">\n\t\t\t\t\t<h2 class=\"elementor-heading-title elementor-size-default\">H\u00fcttenpartner Alm-, Ski- und Wanderh\u00fctten Vermietung GmbH<\/h2>\t\t\t\t<\/div>\n\t\t\t\t<\/div>\n\t\t\t\t<div class=\"elementor-element elementor-element-149076c elementor-widget elementor-widget-text-editor\" data-id=\"149076c\" data-element_type=\"widget\" data-widget_type=\"text-editor.default\">\n\t\t\t\t<div class=\"elementor-widget-container\">\n\t\t\t\t\t\t\t\t\t<div class=\"ce_text block\"><p>Informieren Sie sich auf der H\u00fcttenpartner-Website \u00fcber unser Angebot.\u00a0Bei Fragen und f\u00fcr zus\u00e4tzliche Informationen wenden Sie sich jederzeit pers\u00f6nlich an H\u00fcttenpartner und wir werden Ihre Anfrage umgehend beantworten.<\/p><p>Unsere B\u00fcrozeiten:\u00a0<\/p><p>MO-DO 09.00 &#8211; 15.00 Uhr<br \/>FR\u00a0 \u00a0 \u00a0 \u00a0 09.00 -14.00 Uhr<\/p><p>\u00a0<\/p><\/div><div class=\"ce_text block\"><h3>Kontaktm\u00f6glichkeiten<\/h3><ul><li>Kontaktn\u00ed formul\u00e1\u0159<\/li><li><a class=\"ce_em\" title=\"Email-Kontakt\" href=\"mailto:info@huettenpartner.at\">E-Mail: info@huettenpartner.at<\/a><\/li><li><span class=\"ce_tel\">Telefon: +43 2243 316 89<\/span><\/li><li>Fax: +43 2243 316 89 44<\/li><\/ul><p>Scheuen Sie sich nicht, uns zu kontaktieren! Wir freuen uns, von Ihnen zu h\u00f6ren! Wenn Sie immer die aktuellsten Informationen bequem im Postfach finden wollen, melden Sie sich gleich zu unserem Newsletter an.<\/p><\/div>\t\t\t\t\t\t\t\t<\/div>\n\t\t\t\t<\/div>\n\t\t\t\t<div class=\"elementor-element elementor-element-16cf55c elementor-widget elementor-widget-heading\" data-id=\"16cf55c\" data-element_type=\"widget\" data-widget_type=\"heading.default\">\n\t\t\t\t<div class=\"elementor-widget-container\">\n\t\t\t\t\t<h2 class=\"elementor-heading-title elementor-size-default\">Kontaktn\u00ed formul\u00e1\u0159<\/h2>\t\t\t\t<\/div>\n\t\t\t\t<\/div>\n\t\t\t\t<div class=\"elementor-element elementor-element-66fc632 elementor-widget elementor-widget-text-editor\" data-id=\"66fc632\" data-element_type=\"widget\" data-widget_type=\"text-editor.default\">\n\t\t\t\t<div class=\"elementor-widget-container\">\n\t\t\t\t\t\t\t\t\t<p>Mit einem * markierte Felder sind Pflichtfelder.<\/p>\t\t\t\t\t\t\t\t<\/div>\n\t\t\t\t<\/div>\n\t\t\t\t\t<\/div>\n\t\t\t\t<\/div>\n\t\t<div class=\"elementor-element elementor-element-c71693a e-flex e-con-boxed e-con e-parent\" data-id=\"c71693a\" data-element_type=\"container\">\n\t\t\t\t\t<div class=\"e-con-inner\">\n\t\t\t\t<div class=\"elementor-element elementor-element-ec5a3ab elementor-widget elementor-widget-shortcode\" data-id=\"ec5a3ab\" data-element_type=\"widget\" data-widget_type=\"shortcode.default\">\n\t\t\t\t<div class=\"elementor-widget-container\">\n\t\t\t\t\t\t\t<div class=\"elementor-shortcode\">[contact-form-7 id=\"38d0055\" title=\"Kontakt\"]<\/div>\n\t\t\t\t\t\t<\/div>\n\t\t\t\t<\/div>\n\t\t\t\t\t<\/div>\n\t\t\t\t<\/div>\n\t\t\t\t<\/div>","protected":false},"excerpt":{"rendered":"<p>Kontaktformular \u2013 H\u00fcttenpartner H\u00fcttenpartner Alm-, Ski- und Wanderh\u00fctten Vermietung GmbH Informieren Sie sich auf der H\u00fcttenpartner-Website \u00fcber unser Angebot.\u00a0Bei Fragen und f\u00fcr zus\u00e4tzliche Informationen wenden Sie sich jederzeit pers\u00f6nlich an H\u00fcttenpartner und wir werden Ihre Anfrage umgehend beantworten. Unsere B\u00fcrozeiten:\u00a0 MO-DO 09.00 &#8211; 15.00 UhrFR\u00a0 \u00a0 \u00a0 \u00a0 09.00 -14.00 Uhr \u00a0 Kontaktm\u00f6glichkeiten Kontaktformular E-Mail: [&hellip;]<\/p>","protected":false},"author":2,"featured_media":0,"parent":890,"menu_order":0,"comment_status":"closed","ping_status":"closed","template":"","meta":{"inline_featured_image":false,"footnotes":""},"class_list":["post-5000","page","type-page","status-publish","hentry"],"acf":[],"_links":{"self":[{"href":"https:\/\/www.bold-black.109-235-60-67.plesk.page\/cs\/wp-json\/wp\/v2\/pages\/5000","targetHints":{"allow":["GET"]}}],"collection":[{"href":"https:\/\/www.bold-black.109-235-60-67.plesk.page\/cs\/wp-json\/wp\/v2\/pages"}],"about":[{"href":"https:\/\/www.bold-black.109-235-60-67.plesk.page\/cs\/wp-json\/wp\/v2\/types\/page"}],"author":[{"embeddable":true,"href":"https:\/\/www.bold-black.109-235-60-67.plesk.page\/cs\/wp-json\/wp\/v2\/users\/2"}],"replies":[{"embeddable":true,"href":"https:\/\/www.bold-black.109-235-60-67.plesk.page\/cs\/wp-json\/wp\/v2\/comments?post=5000"}],"version-history":[{"count":4,"href":"https:\/\/www.bold-black.109-235-60-67.plesk.page\/cs\/wp-json\/wp\/v2\/pages\/5000\/revisions"}],"predecessor-version":[{"id":6491,"href":"https:\/\/www.bold-black.109-235-60-67.plesk.page\/cs\/wp-json\/wp\/v2\/pages\/5000\/revisions\/6491"}],"up":[{"embeddable":true,"href":"https:\/\/www.bold-black.109-235-60-67.plesk.page\/cs\/wp-json\/wp\/v2\/pages\/890"}],"wp:attachment":[{"href":"https:\/\/www.bold-black.109-235-60-67.plesk.page\/cs\/wp-json\/wp\/v2\/media?parent=5000"}],"curies":[{"name":"wp","href":"https:\/\/api.w.org\/{rel}","templated":true}]}}

<div data-elementor-type="wp-page" data-elementor-id="5000" class="elementor elementor-5000">
				<div class="elementor-element elementor-element-0b37e2c e-flex e-con-boxed e-con e-parent" data-id="0b37e2c" data-element_type="container">
					<div class="e-con-inner">
				<div class="elementor-element elementor-element-32e0530 elementor-widget elementor-widget-heading" data-id="32e0530" data-element_type="widget" data-widget_type="heading.default">
				<div class="elementor-widget-container">
					<h2 class="elementor-heading-title elementor-size-default">Kontaktformular – Hüttenpartner</h2>				</div>
				</div>
				<div class="elementor-element elementor-element-f06cfcf elementor-widget elementor-widget-heading" data-id="f06cfcf" data-element_type="widget" data-widget_type="heading.default">
				<div class="elementor-widget-container">
					<h2 class="elementor-heading-title elementor-size-default">Hüttenpartner Alm-, Ski- und Wanderhütten Vermietung GmbH</h2>				</div>
				</div>
				<div class="elementor-element elementor-element-149076c elementor-widget elementor-widget-text-editor" data-id="149076c" data-element_type="widget" data-widget_type="text-editor.default">
				<div class="elementor-widget-container">
									<div class="ce_text block"><p>Informieren Sie sich auf der Hüttenpartner-Website über unser Angebot. Bei Fragen und für zusätzliche Informationen wenden Sie sich jederzeit persönlich an Hüttenpartner und wir werden Ihre Anfrage umgehend beantworten.</p><p>Unsere Bürozeiten: </p><p>MO-DO 09.00 &#8211; 15.00 Uhr<br />FR        09.00 -14.00 Uhr</p><p> </p></div><div class="ce_text block"><h3>Kontaktmöglichkeiten</h3><ul><li>Kontaktní formulář</li><li><a class="ce_em" title="Email-Kontakt" href="mailto:info@huettenpartner.at">E-Mail: info@huettenpartner.at</a></li><li><span class="ce_tel">Telefon: +43 2243 316 89</span></li><li>Fax: +43 2243 316 89 44</li></ul><p>Scheuen Sie sich nicht, uns zu kontaktieren! Wir freuen uns, von Ihnen zu hören! Wenn Sie immer die aktuellsten Informationen bequem im Postfach finden wollen, melden Sie sich gleich zu unserem Newsletter an.</p></div>								</div>
				</div>
				<div class="elementor-element elementor-element-16cf55c elementor-widget elementor-widget-heading" data-id="16cf55c" data-element_type="widget" data-widget_type="heading.default">
				<div class="elementor-widget-container">
					<h2 class="elementor-heading-title elementor-size-default">Kontaktní formulář</h2>				</div>
				</div>
				<div class="elementor-element elementor-element-66fc632 elementor-widget elementor-widget-text-editor" data-id="66fc632" data-element_type="widget" data-widget_type="text-editor.default">
				<div class="elementor-widget-container">
									<p>Mit einem * markierte Felder sind Pflichtfelder.</p>								</div>
				</div>
					</div>
				</div>
		<div class="elementor-element elementor-element-c71693a e-flex e-con-boxed e-con e-parent" data-id="c71693a" data-element_type="container">
					<div class="e-con-inner">
				<div class="elementor-element elementor-element-ec5a3ab elementor-widget elementor-widget-shortcode" data-id="ec5a3ab" data-element_type="widget" data-widget_type="shortcode.default">
				<div class="elementor-widget-container">
							<div class="elementor-shortcode">[contact-form-7 id="38d0055" title="Kontakt"]</div>
						</div>
				</div>
					</div>
				</div>
				</div>

<p>Kontaktformular – Hüttenpartner Hüttenpartner Alm-, Ski- und Wanderhütten Vermietung GmbH Informieren Sie sich auf der Hüttenpartner-Website über unser Angebot. Bei Fragen und für zusätzliche Informationen wenden Sie sich jederzeit persönlich an Hüttenpartner und wir werden Ihre Anfrage umgehend beantworten. Unsere Bürozeiten:  MO-DO 09.00 &#8211; 15.00 UhrFR        09.00 -14.00 Uhr   Kontaktmöglichkeiten Kontaktformular E-Mail: [&hellip;]</p>
