{"id":8524,"date":"2024-07-16T11:11:17","date_gmt":"2024-07-16T09:11:17","guid":{"rendered":"https:\/\/www.huettenpartner.eu\/accommodation\/ans-stm\/"},"modified":"2024-12-05T15:15:15","modified_gmt":"2024-12-05T13:15:15","slug":"ans-stm","status":"publish","type":"mphb_room_type","link":"https:\/\/www.bold-black.109-235-60-67.plesk.page\/cs\/accommodation\/ans-stm\/","title":{"rendered":"ANS-STM"},"content":{"rendered":"<p><strong>Selbstversorgerhaus f\u00fcr 6 &#8211; 8 Personen<br>3 Doppelzimmer<br>1 Couch<br>1 DU\/WC, 1 WC, DU<br>Sauna, Dusche<br>Wohnfl\u00e4che 90 m\u00b2<br>Seeh\u00f6he 900 m<br>Dostupnost autem<br>Dom\u00e1c\u00ed mazl\u00ed\u010dci v\u00edt\u00e1ni<\/strong><\/p>\n\n\n\n<p><a href=\"https:\/\/www.huettenpartner.com\/service\/huettenanfrage.html?t=1&amp;ncm-hp-token=ANS-STM&amp;code=ANS-STM&amp;cal_von=&amp;cal_bis=\"><\/a><\/p>\n\n\n\n<p><\/p>\n\n\n\n<p><strong>Pozice<\/strong><\/p>\n\n\n\n<p>Das Ferienhaus liegt am Waldrand, etwa 2km nach Rettenegg in herrlicher, absolut ruhiger Alleinlage. Das Ferienhaus umfasst eine Grundfl\u00e4che von knapp 1,5 ha. Etwa 1000 m\u00b2 rund um das Ferienhaus sind komplett eingez\u00e4unt. Neben dem Haus befindet sich ein sehr sch\u00f6n erhaltenes leeres Stallgeb\u00e4ude.\u00a0<\/p>\n\n\n\n<p><strong>Vzd\u00e1lenosti<\/strong><\/p>\n\n\n\n<p>Rettenegg mit Gasth\u00e4usern, Hallenbad (nur Sommer), Supermarkt, Gesch\u00e4ften 2km. Naturbadeteich 2km. Skigebiete Stuhleck oder Semmering je 20km. Sankt Kathrein am Hauenstein ca. 15 min. Fahrzeit. Das Haus ist im Winter ein optimaler Ausgangspunkt f\u00fcr Tourengeher, die Touren am Stuhleck, Pretul oder Hochwechsel planen. Im Sommer weite Wanderungen und Ausfl\u00fcge durch das Joglland zum Hochwechsel, Stuhleck, Pretul oder direkt in den Ort Rettenegg ab Haus. Die Gegend bietet viele Mountainbikestrecken.<\/p>\n\n\n\n<p><strong>za\u0159\u00edzen\u00ed<\/strong><\/p>\n\n\n\n<p>Das Haus wurde 2021 renoviert und hat im EG: Voll ausgestattete K\u00fcche mit E-Herd, Backofen, Holzherd, K\u00fchlschrank, Geschirrsp\u00fcler, Kaffeemaschine, Mikrowelle und Esstisch. Wintergarten mit Sitzplatz, Fernsehzimmer mit Couch (bei Bedarf Zusatzbett f\u00fcr 2 Personen) und SAT-TV. Hochstuhl vorhanden. Bad mit Dusche, WC. 1 Doppelzimmer. OG: 1 Doppelzimmer mit Waschbecken, 1 Doppelzimmer mit DU, Waschbecken. UG: Sauna mit DU. Das Haus hat 3 Terrassen zum Sitzen und Grillen. \u00d6lzentralheizung.<\/p>\n\n\n\n<p><strong>M\u00edstn\u00ed dodate\u010dn\u00e9 n\u00e1klady s drobn\u00fdmi zm\u011bnami<\/strong><\/p>\n\n\n\n<p>Ortstaxe derzeit \u20ac 2,50\/Person\/Nacht, Strom \u20ac 0,50\/kwh, Holzpauschale \u20ac 30,-\/Woche, Heizkosten \u20ac 50,-\/Woche im Winter. Endreinigung \u20ac 50,-, Haustier \u20ac 30,-\/Aufenthalt. Bettw\u00e4sche \u20ac 7,-\/Set, Handt\u00fccher \u20ac 3,- mietbar.<\/p>","protected":false},"excerpt":{"rendered":"<p>Selbstversorgerhaus f\u00fcr 6 &#8211; 8 Personen3 Doppelzimmer1 Couch1 DU\/WC, 1 WC, DUSauna, DuscheWohnfl\u00e4che 90 m\u00b2Seeh\u00f6he 900 mMit PKW erreichbarHaustiere willkommen Lage Das Ferienhaus liegt am Waldrand, etwa 2km nach Rettenegg in herrlicher, absolut ruhiger Alleinlage. Das Ferienhaus umfasst eine Grundfl\u00e4che von knapp 1,5 ha. Etwa 1000 m\u00b2 rund um das Ferienhaus sind komplett eingez\u00e4unt. Neben [&hellip;]<\/p>","protected":false},"featured_media":10430,"menu_order":0,"comment_status":"open","ping_status":"open","template":"","mphb_room_type_category":[145,156],"mphb_room_type_tag":[],"mphb_room_type_facility":[185,176,167,198,208,197,159,211,220,143,219,199,127,217,221,214,212,215,216],"class_list":["post-8524","mphb_room_type","type-mphb_room_type","status-publish","has-post-thumbnail","hentry","mphb_room_type_category-almhuette","mphb_room_type_category-steiermark","mphb_room_type_facility-750m","mphb_room_type_facility-1-badezimmer","mphb_room_type_facility-3-schlafzimmer","mphb_room_type_facility-alleinlage","mphb_room_type_facility-familienurlaub","mphb_room_type_facility-geschirrspueler","mphb_room_type_facility-haustiere-ok","mphb_room_type_facility-huettenfeiern","mphb_room_type_facility-langlaufen","mphb_room_type_facility-mit-pkw-erreichbar","mphb_room_type_facility-mountainbiken","mphb_room_type_facility-sat-tv","mphb_room_type_facility-sauna-infrarot","mphb_room_type_facility-seminare-firmenevents","mphb_room_type_facility-skitouren","mphb_room_type_facility-sommerurlaub","mphb_room_type_facility-urlaub-mit-hund","mphb_room_type_facility-wanderherbst","mphb_room_type_facility-winterurlaub","mphb_ra_personen-7-10-personen","mphb-room-type-adults-1","mphb-room-type-children-0",""],"acf":{"export_an_mondial":true,"personen_fur_e-domizil":"8","hutid":"473","hutcode":"ANS-STM","ort":"Rettenegg","plz":"","latitude":"47.517166","longitude":"15.76847"},"_links":{"self":[{"href":"https:\/\/www.bold-black.109-235-60-67.plesk.page\/cs\/wp-json\/wp\/v2\/mphb_room_type\/8524","targetHints":{"allow":["GET"]}}],"collection":[{"href":"https:\/\/www.bold-black.109-235-60-67.plesk.page\/cs\/wp-json\/wp\/v2\/mphb_room_type"}],"about":[{"href":"https:\/\/www.bold-black.109-235-60-67.plesk.page\/cs\/wp-json\/wp\/v2\/types\/mphb_room_type"}],"replies":[{"embeddable":true,"href":"https:\/\/www.bold-black.109-235-60-67.plesk.page\/cs\/wp-json\/wp\/v2\/comments?post=8524"}],"wp:featuredmedia":[{"embeddable":true,"href":"https:\/\/www.bold-black.109-235-60-67.plesk.page\/cs\/wp-json\/wp\/v2\/media\/10430"}],"wp:attachment":[{"href":"https:\/\/www.bold-black.109-235-60-67.plesk.page\/cs\/wp-json\/wp\/v2\/media?parent=8524"}],"wp:term":[{"taxonomy":"mphb_room_type_category","embeddable":true,"href":"https:\/\/www.bold-black.109-235-60-67.plesk.page\/cs\/wp-json\/wp\/v2\/mphb_room_type_category?post=8524"},{"taxonomy":"mphb_room_type_tag","embeddable":true,"href":"https:\/\/www.bold-black.109-235-60-67.plesk.page\/cs\/wp-json\/wp\/v2\/mphb_room_type_tag?post=8524"},{"taxonomy":"mphb_room_type_facility","embeddable":true,"href":"https:\/\/www.bold-black.109-235-60-67.plesk.page\/cs\/wp-json\/wp\/v2\/mphb_room_type_facility?post=8524"}],"curies":[{"name":"wp","href":"https:\/\/api.w.org\/{rel}","templated":true}]}}

<p><strong>Selbstversorgerhaus für 6 &#8211; 8 Personen<br>3 Doppelzimmer<br>1 Couch<br>1 DU/WC, 1 WC, DU<br>Sauna, Dusche<br>Wohnfläche 90 m²<br>Seehöhe 900 m<br>Dostupnost autem<br>Domácí mazlíčci vítáni</strong></p>



<p><a href="https://www.huettenpartner.com/service/huettenanfrage.html?t=1&amp;ncm-hp-token=ANS-STM&amp;code=ANS-STM&amp;cal_von=&amp;cal_bis="></a></p>



<p></p>



<p><strong>Pozice</strong></p>



<p>Das Ferienhaus liegt am Waldrand, etwa 2km nach Rettenegg in herrlicher, absolut ruhiger Alleinlage. Das Ferienhaus umfasst eine Grundfläche von knapp 1,5 ha. Etwa 1000 m² rund um das Ferienhaus sind komplett eingezäunt. Neben dem Haus befindet sich ein sehr schön erhaltenes leeres Stallgebäude. </p>



<p><strong>Vzdálenosti</strong></p>



<p>Rettenegg mit Gasthäusern, Hallenbad (nur Sommer), Supermarkt, Geschäften 2km. Naturbadeteich 2km. Skigebiete Stuhleck oder Semmering je 20km. Sankt Kathrein am Hauenstein ca. 15 min. Fahrzeit. Das Haus ist im Winter ein optimaler Ausgangspunkt für Tourengeher, die Touren am Stuhleck, Pretul oder Hochwechsel planen. Im Sommer weite Wanderungen und Ausflüge durch das Joglland zum Hochwechsel, Stuhleck, Pretul oder direkt in den Ort Rettenegg ab Haus. Die Gegend bietet viele Mountainbikestrecken.</p>



<p><strong>zařízení</strong></p>



<p>Das Haus wurde 2021 renoviert und hat im EG: Voll ausgestattete Küche mit E-Herd, Backofen, Holzherd, Kühlschrank, Geschirrspüler, Kaffeemaschine, Mikrowelle und Esstisch. Wintergarten mit Sitzplatz, Fernsehzimmer mit Couch (bei Bedarf Zusatzbett für 2 Personen) und SAT-TV. Hochstuhl vorhanden. Bad mit Dusche, WC. 1 Doppelzimmer. OG: 1 Doppelzimmer mit Waschbecken, 1 Doppelzimmer mit DU, Waschbecken. UG: Sauna mit DU. Das Haus hat 3 Terrassen zum Sitzen und Grillen. Ölzentralheizung.</p>



<p><strong>Místní dodatečné náklady s drobnými změnami</strong></p>



<p>Ortstaxe derzeit € 2,50/Person/Nacht, Strom € 0,50/kwh, Holzpauschale € 30,-/Woche, Heizkosten € 50,-/Woche im Winter. Endreinigung € 50,-, Haustier € 30,-/Aufenthalt. Bettwäsche € 7,-/Set, Handtücher € 3,- mietbar.</p>

<p>Selbstversorgerhaus für 6 &#8211; 8 Personen3 Doppelzimmer1 Couch1 DU/WC, 1 WC, DUSauna, DuscheWohnfläche 90 m²Seehöhe 900 mMit PKW erreichbarHaustiere willkommen Lage Das Ferienhaus liegt am Waldrand, etwa 2km nach Rettenegg in herrlicher, absolut ruhiger Alleinlage. Das Ferienhaus umfasst eine Grundfläche von knapp 1,5 ha. Etwa 1000 m² rund um das Ferienhaus sind komplett eingezäunt. Neben [&hellip;]</p>
